000
CDUS41 KBGM 030549
CLIAVP


CLIMATE REPORT
NATIONAL WEATHER SERVICE BINGHAMTON NY
147 AM EDT SUN MAY 3 2015


...................................

...THE AVOCA PA CLIMATE SUMMARY FOR MAY 2 2015...

CLIMATE NORMAL PERIOD 1981 TO 2010
CLIMATE RECORD PERIOD 1901 TO 2015


WEATHER ITEM   OBSERVED TIME   RECORD YEAR NORMAL DEPARTURE LAST
                VALUE   (LST)  VALUE       VALUE  FROM      YEAR
                                                  NORMAL
..................................................................
TEMPERATURE (F)
 YESTERDAY
  MAXIMUM         76    344 PM  87    2001  66     10       62
  MINIMUM         41    537 AM  27    1903  44     -3       48
  AVERAGE         59                        55      4       55

PRECIPITATION (IN)
  YESTERDAY        0.00          1.20 1985   0.11  -0.11     0.00
  MONTH TO DATE    T                         0.21  -0.21     0.04
  SINCE MAR 1      4.84                      6.09  -1.25     5.12
  SINCE JAN 1      7.84                     10.49  -2.65    10.00

SNOWFALL (IN)
  YESTERDAY        0.0           T    1963   0.0    0.0      0.0
  MONTH TO DATE    0.0                       0.1   -0.1      0.0
  SINCE MAR 1      9.0                      12.4   -3.4      3.1
  SINCE JUL 1     51.4                      46.3    5.1     58.9

DEGREE DAYS
 HEATING
  YESTERDAY        6                        11     -5       10
  MONTH TO DATE   16                        22     -6       12
  SINCE MAR 1   1463                      1389     74     1553
  SINCE JUL 1   6160                      5995    165     6376

 COOLING
  YESTERDAY        0                         0      0        0
  MONTH TO DATE    0                         0      0        0
  SINCE MAR 1      0                         6     -6        7
  SINCE JAN 1      0                         6     -6        7
..................................................................


WIND (MPH)
  HIGHEST WIND SPEED    16   HIGHEST WIND DIRECTION     N (340)
  HIGHEST GUST SPEED    20   HIGHEST GUST DIRECTION    NW (320)
  AVERAGE WIND SPEED     4.5


SKY COVER
  AVERAGE SKY COVER 0.3



RELATIVE HUMIDITY (PERCENT)
 HIGHEST    96           300 AM
 LOWEST     23           400 PM
 AVERAGE    60

..........................................................


THE AVOCA PA CLIMATE NORMALS FOR TODAY
                         NORMAL    RECORD    YEAR
 MAXIMUM TEMPERATURE (F)   66        88      2001
 MINIMUM TEMPERATURE (F)   44        28      1957


SUNRISE AND SUNSET
MAY  3 2015...........SUNRISE   558 AM EDT   SUNSET   802 PM EDT
MAY  4 2015...........SUNRISE   557 AM EDT   SUNSET   803 PM EDT


-  INDICATES NEGATIVE NUMBERS.
R  INDICATES RECORD WAS SET OR TIED.
MM INDICATES DATA IS MISSING.
T  INDICATES TRACE AMOUNT.




$$
