000
CDUS41 KBGM 142119
CLIAVP


CLIMATE REPORT
NATIONAL WEATHER SERVICE BINGHAMTON NY
517 PM EDT TUE APR 14 2015


...................................

...THE AVOCA PA CLIMATE SUMMARY FOR APRIL 14 2015...
VALID TODAY AS OF 0500 PM LOCAL TIME.

CLIMATE NORMAL PERIOD 1981 TO 2010
CLIMATE RECORD PERIOD 1901 TO 2015


WEATHER ITEM   OBSERVED TIME   RECORD YEAR NORMAL DEPARTURE LAST
                VALUE   (LST)  VALUE       VALUE  FROM      YEAR
                                                  NORMAL
..................................................................
TEMPERATURE (F)
 TODAY
  MAXIMUM         64    127 AM  84    1968  59      5       76
  MINIMUM         47    545 AM  22    1950  38      9       62
  AVERAGE         56                        48      8       69

PRECIPITATION (IN)
  TODAY            0.18          1.06 1909   0.11   0.07     0.00
  MONTH TO DATE    1.23                      1.54  -0.31     0.77
  SINCE MAR 1      3.19                      4.09  -0.90     2.84
  SINCE JAN 1      6.19                      8.49  -2.30     7.72

SNOWFALL (IN)
  TODAY            0.0           T    1995   0.1   -0.1      0.0
                                      1980
                                      1962
  MONTH TO DATE    0.0                       1.8   -1.8      0.0
  SINCE MAR 1      9.0                      10.8   -1.8      2.4
  SINCE JUL 1     51.4                      44.7    6.7     58.2

DEGREE DAYS
 HEATING
  TODAY            9                        17     -8        0
  MONTH TO DATE  238                       274    -36      217
  SINCE MAR 1   1233                      1145     88     1260
  SINCE JUL 1   5930                      5751    179     6083

 COOLING
  TODAY            0                         0      0        4
  MONTH TO DATE    0                         0      0        7
  SINCE MAR 1      0                         0      0        7
  SINCE JAN 1      0                         0      0        7
..................................................................


WIND (MPH)
  HIGHEST WIND SPEED    20   HIGHEST WIND DIRECTION     N (10)
  HIGHEST GUST SPEED    25   HIGHEST GUST DIRECTION    NE (30)
  AVERAGE WIND SPEED     4.7


SKY COVER
  AVERAGE SKY COVER 0.5


WEATHER CONDITIONS
 THE FOLLOWING WEATHER WAS RECORDED TODAY.
  HEAVY RAIN
  RAIN
  LIGHT RAIN
  FOG


RELATIVE HUMIDITY (PERCENT)
 HIGHEST    80           400 AM
 LOWEST     27           400 PM
 AVERAGE    54

..........................................................


THE AVOCA PA CLIMATE NORMALS FOR TOMORROW
                         NORMAL    RECORD    YEAR
 MAXIMUM TEMPERATURE (F)   59        85      1994
 MINIMUM TEMPERATURE (F)   38        22      1926


SUNRISE AND SUNSET
APRIL 14 2015.........SUNRISE   625 AM EDT   SUNSET   742 PM EDT
APRIL 15 2015.........SUNRISE   624 AM EDT   SUNSET   743 PM EDT


-  INDICATES NEGATIVE NUMBERS.
R  INDICATES RECORD WAS SET OR TIED.
MM INDICATES DATA IS MISSING.
T  INDICATES TRACE AMOUNT.

$$
