000
CDUS41 KBGM 282130
CLIAVP


CLIMATE REPORT
NATIONAL WEATHER SERVICE BINGHAMTON NY
529 PM EDT TUE APR 28 2015


...................................

...THE AVOCA PA CLIMATE SUMMARY FOR APRIL 28 2015...
VALID TODAY AS OF 0500 PM LOCAL TIME.

CLIMATE NORMAL PERIOD 1981 TO 2010
CLIMATE RECORD PERIOD 1901 TO 2015


WEATHER ITEM   OBSERVED TIME   RECORD YEAR NORMAL DEPARTURE LAST
                VALUE   (LST)  VALUE       VALUE  FROM      YEAR
                                                  NORMAL
..................................................................
TEMPERATURE (F)
 TODAY
  MAXIMUM         66    232 PM  91    1990  64      2       63
  MINIMUM         45    125 AM  27    1972  42      3       32
  AVERAGE         56                        53      3       48

PRECIPITATION (IN)
  TODAY            T             1.75 1923   0.12  -0.12      T
  MONTH TO DATE    2.88                      3.11  -0.23     2.11
  SINCE MAR 1      4.84                      5.66  -0.82     4.18
  SINCE JAN 1      7.84                     10.06  -2.22     9.06

SNOWFALL (IN)
  TODAY            0.0           T    2010   0.0    0.0      0.0
                                      1987
  MONTH TO DATE    T                         3.1   -3.1      0.7
  SINCE MAR 1      9.0                      12.1   -3.1      3.1
  SINCE JUL 1     51.4                      46.0    5.4     58.9

DEGREE DAYS
 HEATING
  TODAY            9                        12     -3       17
  MONTH TO DATE  439                       473    -34      464
  SINCE MAR 1   1434                      1344     90     1507
  SINCE JUL 1   6131                      5950    181     6330

 COOLING
  TODAY            0                         0      0        0
  MONTH TO DATE    0                         0      0        7
  SINCE MAR 1      0                         0      0        7
  SINCE JAN 1      0                         0      0        7
..................................................................


WIND (MPH)
  HIGHEST WIND SPEED    23   HIGHEST WIND DIRECTION    NW (330)
  HIGHEST GUST SPEED    31   HIGHEST GUST DIRECTION    NW (330)
  AVERAGE WIND SPEED    12.3


SKY COVER
  AVERAGE SKY COVER 0.8


WEATHER CONDITIONS
 THE FOLLOWING WEATHER WAS RECORDED TODAY.
  LIGHT RAIN


RELATIVE HUMIDITY (PERCENT)
 HIGHEST    76           200 AM
 LOWEST     36           300 PM
 AVERAGE    56

..........................................................


THE AVOCA PA CLIMATE NORMALS FOR TOMORROW
                         NORMAL    RECORD    YEAR
 MAXIMUM TEMPERATURE (F)   65        85      1974
                                             1962
 MINIMUM TEMPERATURE (F)   43        28      2001
                                             1909


SUNRISE AND SUNSET
APRIL 28 2015.........SUNRISE   605 AM EDT   SUNSET   757 PM EDT
APRIL 29 2015.........SUNRISE   603 AM EDT   SUNSET   758 PM EDT


-  INDICATES NEGATIVE NUMBERS.
R  INDICATES RECORD WAS SET OR TIED.
MM INDICATES DATA IS MISSING.
T  INDICATES TRACE AMOUNT.




$$
