000
CDUS41 KBGM 020227
CLIAVP


CLIMATE REPORT
NATIONAL WEATHER SERVICE BINGHAMTON NY
1027 PM EDT FRI MAY 1 2015


...................................

...THE AVOCA PA CLIMATE SUMMARY FOR MAY 1 2015...
VALID AS OF 1000 PM LOCAL TIME.

CLIMATE NORMAL PERIOD 1981 TO 2010
CLIMATE RECORD PERIOD 1901 TO 2015


WEATHER ITEM   OBSERVED TIME   RECORD YEAR NORMAL DEPARTURE LAST
                VALUE   (LST)  VALUE       VALUE  FROM      YEAR
                                                  NORMAL
..................................................................
TEMPERATURE (F)
 TODAY
  MAXIMUM         62    335 PM  88    1942  65     -3       72
  MINIMUM         49    723 AM  29    1978  43      6       53
  AVERAGE         56                        54      2       63

PRECIPITATION (IN)
  TODAY            T             1.65 1989   0.10  -0.10     0.04
  MONTH TO DATE    T                         0.10  -0.10     0.04
  SINCE MAR 1      4.84                      5.98  -1.14     5.12
  SINCE JAN 1      7.84                     10.38  -2.54    10.00

SNOWFALL (IN)
  TODAY            0.0           0.2  1963   0.1   -0.1      0.0
  MONTH TO DATE    0.0                       0.1   -0.1      0.0
  SINCE MAR 1      9.0                      12.4   -3.4      3.1
  SINCE JUL 1     51.4                      46.3    5.1     58.9

DEGREE DAYS
 HEATING
  TODAY            9                        11     -2        2
  MONTH TO DATE    9                        11     -2        2
  SINCE MAR 1   1456                      1378     78     1543
  SINCE JUL 1   6153                      5984    169     6366

 COOLING
  TODAY            0                         0      0        0
  MONTH TO DATE    0                         0      0        0
  SINCE MAR 1      0                         6     -6        7
  SINCE JAN 1      0                         6     -6        7
..................................................................


WIND (MPH)
  HIGHEST WIND SPEED    12   HIGHEST WIND DIRECTION     W (270)
  HIGHEST GUST SPEED    15   HIGHEST GUST DIRECTION     W (250)
  AVERAGE WIND SPEED     4.6


SKY COVER
  AVERAGE SKY COVER 1.0


WEATHER CONDITIONS
 THE FOLLOWING WEATHER WAS RECORDED TODAY.
  NO SIGNIFICANT WEATHER WAS OBSERVED.


RELATIVE HUMIDITY (PERCENT)
 HIGHEST    77           800 PM
 LOWEST     49           400 PM
 AVERAGE    63

..........................................................


THE AVOCA PA CLIMATE NORMALS FOR TOMORROW
                         NORMAL    RECORD    YEAR
 MAXIMUM TEMPERATURE (F)   66        87      2001
 MINIMUM TEMPERATURE (F)   44        27      1903


SUNRISE AND SUNSET
MAY  1 2015...........SUNRISE   601 AM EDT   SUNSET   800 PM EDT
MAY  2 2015...........SUNRISE   559 AM EDT   SUNSET   801 PM EDT


-  INDICATES NEGATIVE NUMBERS.
R  INDICATES RECORD WAS SET OR TIED.
MM INDICATES DATA IS MISSING.
T  INDICATES TRACE AMOUNT.




$$
