000
CDUS41 KBGM 132124
CLIAVP


CLIMATE REPORT
NATIONAL WEATHER SERVICE BINGHAMTON NY
520 PM EDT MON APR 13 2015


...................................

...THE AVOCA PA CLIMATE SUMMARY FOR APRIL 13 2015...
VALID TODAY AS OF 0500 PM LOCAL TIME.

CLIMATE NORMAL PERIOD 1981 TO 2010
CLIMATE RECORD PERIOD 1901 TO 2015


WEATHER ITEM   OBSERVED TIME   RECORD YEAR NORMAL DEPARTURE LAST
                VALUE   (LST)  VALUE       VALUE  FROM      YEAR
                                                  NORMAL
..................................................................
TEMPERATURE (F)
 TODAY
  MAXIMUM         76    359 PM  85    1945  58     18       81
  MINIMUM         45    234 AM  22    1990  37      8       55
                                      1940
  AVERAGE         61                        48     13       68

PRECIPITATION (IN)
  TODAY            0.00          0.97 2004   0.12  -0.12     0.00
  MONTH TO DATE    1.05                      1.43  -0.38     0.77
  SINCE MAR 1      3.01                      3.98  -0.97     2.84
  SINCE JAN 1      6.01                      8.38  -2.37     7.72

SNOWFALL (IN)
  TODAY            0.0           4.0  1961   0.1   -0.1      0.0
  MONTH TO DATE    0.0                       1.7   -1.7      0.0
  SINCE MAR 1      9.0                      10.7   -1.7      2.4
  SINCE JUL 1     51.4                      44.6    6.8     58.2

DEGREE DAYS
 HEATING
  TODAY            4                        17    -13        0
  MONTH TO DATE  229                       257    -28      217
  SINCE MAR 1   1224                      1128     96     1260
  SINCE JUL 1   5921                      5734    187     6083

 COOLING
  TODAY            0                         0      0        3
  MONTH TO DATE    0                         0      0        3
  SINCE MAR 1      0                         0      0        3
  SINCE JAN 1      0                         0      0        3
..................................................................


WIND (MPH)
  HIGHEST WIND SPEED    20   HIGHEST WIND DIRECTION    SW (210)
  HIGHEST GUST SPEED    32   HIGHEST GUST DIRECTION     S (180)
  AVERAGE WIND SPEED     5.5


SKY COVER
  AVERAGE SKY COVER 0.1


WEATHER CONDITIONS
 THE FOLLOWING WEATHER WAS RECORDED TODAY.
  NO SIGNIFICANT WEATHER WAS OBSERVED.


RELATIVE HUMIDITY (PERCENT)
 HIGHEST    53           500 AM
 LOWEST     27           100 PM
 AVERAGE    40

..........................................................


THE AVOCA PA CLIMATE NORMALS FOR TOMORROW
                         NORMAL    RECORD    YEAR
 MAXIMUM TEMPERATURE (F)   59        84      1968
 MINIMUM TEMPERATURE (F)   38        22      1950


SUNRISE AND SUNSET
APRIL 13 2015.........SUNRISE   627 AM EDT   SUNSET   741 PM EDT
APRIL 14 2015.........SUNRISE   625 AM EDT   SUNSET   742 PM EDT


-  INDICATES NEGATIVE NUMBERS.
R  INDICATES RECORD WAS SET OR TIED.
MM INDICATES DATA IS MISSING.
T  INDICATES TRACE AMOUNT.




$$

HEDEN
