000
CDUS41 KBGM 300237
CLIAVP


CLIMATE REPORT
NATIONAL WEATHER SERVICE BINGHAMTON NY
1037 PM EDT WED APR 29 2015


...................................

...THE AVOCA PA CLIMATE SUMMARY FOR APRIL 29 2015...
VALID AS OF 1000 PM LOCAL TIME.

CLIMATE NORMAL PERIOD 1981 TO 2010
CLIMATE RECORD PERIOD 1901 TO 2015


WEATHER ITEM   OBSERVED TIME   RECORD YEAR NORMAL DEPARTURE LAST
                VALUE   (LST)  VALUE       VALUE  FROM      YEAR
                                                  NORMAL
..................................................................
TEMPERATURE (F)
 TODAY
  MAXIMUM         73    349 PM  85    1974  65      8       54
                                      1962
  MINIMUM         41    436 AM  28    2001  43     -2       41
                                      1909
  AVERAGE         57                        54      3       48

PRECIPITATION (IN)
  TODAY            0.00          1.55 1909   0.11  -0.11     0.22
  MONTH TO DATE    2.88                      3.22  -0.34     2.33
  SINCE MAR 1      4.84                      5.77  -0.93     4.40
  SINCE JAN 1      7.84                     10.17  -2.33     9.28

SNOWFALL (IN)
  TODAY            0.0           0.0    MM   0.1   -0.1      0.0
  MONTH TO DATE    T                         3.2   -3.2      0.7
  SINCE MAR 1      9.0                      12.2   -3.2      3.1
  SINCE JUL 1     51.4                      46.1    5.3     58.9

DEGREE DAYS
 HEATING
  TODAY            8                        12     -4       17
  MONTH TO DATE  447                       485    -38      481
  SINCE MAR 1   1442                      1356     86     1524
  SINCE JUL 1   6139                      5962    177     6347

 COOLING
  TODAY            0                         0      0        0
  MONTH TO DATE    0                         0      0        7
  SINCE MAR 1      0                         0      0        7
  SINCE JAN 1      0                         0      0        7
..................................................................


WIND (MPH)
  HIGHEST WIND SPEED    20   HIGHEST WIND DIRECTION    NW (330)
  HIGHEST GUST SPEED    26   HIGHEST GUST DIRECTION     N (340)
  AVERAGE WIND SPEED     7.1


SKY COVER
  AVERAGE SKY COVER 0.1


WEATHER CONDITIONS
 THE FOLLOWING WEATHER WAS RECORDED TODAY.
  HAZE


RELATIVE HUMIDITY (PERCENT)
 HIGHEST    82           400 AM
 LOWEST     22           500 PM
 AVERAGE    52

..........................................................


THE AVOCA PA CLIMATE NORMALS FOR TOMORROW
                         NORMAL    RECORD    YEAR
 MAXIMUM TEMPERATURE (F)   65        86      1942
                                             1903
 MINIMUM TEMPERATURE (F)   43        30      2012
                                             2008


SUNRISE AND SUNSET
APRIL 29 2015.........SUNRISE   603 AM EDT   SUNSET   758 PM EDT
APRIL 30 2015.........SUNRISE   602 AM EDT   SUNSET   759 PM EDT


-  INDICATES NEGATIVE NUMBERS.
R  INDICATES RECORD WAS SET OR TIED.
MM INDICATES DATA IS MISSING.
T  INDICATES TRACE AMOUNT.




$$
