000
CDUS41 KBGM 220603
CLIAVP


CLIMATE REPORT
NATIONAL WEATHER SERVICE BINGHAMTON NY
202 AM EDT WED APR 22 2015


...................................

...THE AVOCA PA CLIMATE SUMMARY FOR APRIL 21 2015...

CLIMATE NORMAL PERIOD 1981 TO 2010
CLIMATE RECORD PERIOD 1901 TO 2015


WEATHER ITEM   OBSERVED TIME   RECORD YEAR NORMAL DEPARTURE LAST
                VALUE   (LST)  VALUE       VALUE  FROM      YEAR
                                                  NORMAL
..................................................................
TEMPERATURE (F)
 YESTERDAY
  MAXIMUM         59    458 PM  85    1985  62     -3       73
                                      1976
  MINIMUM         43   1159 PM  26    1925  40      3       36
  AVERAGE         51                        51      0       55

PRECIPITATION (IN)
  YESTERDAY        0.29          1.04 1991   0.11   0.18     0.00
  MONTH TO DATE    2.81                      2.32   0.49     1.88
  SINCE MAR 1      4.77                      4.87  -0.10     3.95
  SINCE JAN 1      7.77                      9.27  -1.50     8.83

SNOWFALL (IN)
  YESTERDAY        0.0           0.1  1991   0.1   -0.1      0.0
  MONTH TO DATE    0.0                       2.6   -2.6      0.7
  SINCE MAR 1      9.0                      11.6   -2.6      3.1
  SINCE JUL 1     51.4                      45.5    5.9     58.9

DEGREE DAYS
 HEATING
  YESTERDAY       14                        14      0       10
  MONTH TO DATE  305                       382    -77      354
  SINCE MAR 1   1300                      1253     47     1397
  SINCE JUL 1   5997                      5859    138     6220

 COOLING
  YESTERDAY        0                         0      0        0
  MONTH TO DATE    0                         0      0        7
  SINCE MAR 1      0                         0      0        7
  SINCE JAN 1      0                         0      0        7
..................................................................


WIND (MPH)
  HIGHEST WIND SPEED    32   HIGHEST WIND DIRECTION     W (270)
  HIGHEST GUST SPEED    48   HIGHEST GUST DIRECTION    SW (240)
  AVERAGE WIND SPEED    12.8


SKY COVER
  AVERAGE SKY COVER 0.6



RELATIVE HUMIDITY (PERCENT)
 HIGHEST    89           600 AM
 LOWEST     28           600 PM
 AVERAGE    59

..........................................................


THE AVOCA PA CLIMATE NORMALS FOR TODAY
                         NORMAL    RECORD    YEAR
 MAXIMUM TEMPERATURE (F)   62        87      1902
 MINIMUM TEMPERATURE (F)   41        25      1904


SUNRISE AND SUNSET
APRIL 22 2015.........SUNRISE   613 AM EDT   SUNSET   750 PM EDT
APRIL 23 2015.........SUNRISE   612 AM EDT   SUNSET   752 PM EDT


-  INDICATES NEGATIVE NUMBERS.
R  INDICATES RECORD WAS SET OR TIED.
MM INDICATES DATA IS MISSING.
T  INDICATES TRACE AMOUNT.




$$
