000
CDUS41 KBGM 130554
CLIAVP


CLIMATE REPORT
NATIONAL WEATHER SERVICE BINGHAMTON NY
153 AM EDT MON APR 13 2015


...................................

...THE AVOCA PA CLIMATE SUMMARY FOR APRIL 12 2015...

CLIMATE NORMAL PERIOD 1981 TO 2010
CLIMATE RECORD PERIOD 1901 TO 2015


WEATHER ITEM   OBSERVED TIME   RECORD YEAR NORMAL DEPARTURE LAST
                VALUE   (LST)  VALUE       VALUE  FROM      YEAR
                                                  NORMAL
..................................................................
TEMPERATURE (F)
 YESTERDAY
  MAXIMUM         68    424 PM  84    1977  58     10       68
  MINIMUM         29    554 AM  20    1926  37     -8       44
  AVERAGE         49                        47      2       56

PRECIPITATION (IN)
  YESTERDAY        0.00          1.34 1933   0.11  -0.11     0.00
  MONTH TO DATE    1.05                      1.31  -0.26     0.77
  SINCE MAR 1      3.01                      3.86  -0.85     2.84
  SINCE JAN 1      6.01                      8.26  -2.25     7.72

SNOWFALL (IN)
  YESTERDAY        0.0           0.5  1976   0.2   -0.2      0.0
  MONTH TO DATE    0.0                       1.6   -1.6      0.0
  SINCE MAR 1      9.0                      10.6   -1.6      2.4
  SINCE JUL 1     51.4                      44.5    6.9     58.2

DEGREE DAYS
 HEATING
  YESTERDAY       16                        18     -2        9
  MONTH TO DATE  225                       240    -15      217
  SINCE MAR 1   1220                      1111    109     1260
  SINCE JUL 1   5917                      5717    200     6083

 COOLING
  YESTERDAY        0                         0      0        0
  MONTH TO DATE    0                         0      0        0
  SINCE MAR 1      0                         0      0        0
  SINCE JAN 1      0                         0      0        0
..................................................................


WIND (MPH)
  HIGHEST WIND SPEED    14   HIGHEST WIND DIRECTION     W (260)
  HIGHEST GUST SPEED    17   HIGHEST GUST DIRECTION     W (260)
  AVERAGE WIND SPEED     2.2


SKY COVER
  AVERAGE SKY COVER 0.0



RELATIVE HUMIDITY (PERCENT)
 HIGHEST    85           600 AM
 LOWEST     15           500 PM
 AVERAGE    50

..........................................................


THE AVOCA PA CLIMATE NORMALS FOR TODAY
                         NORMAL    RECORD    YEAR
 MAXIMUM TEMPERATURE (F)   58        85      1945
 MINIMUM TEMPERATURE (F)   37        22      1990
                                             1940


SUNRISE AND SUNSET
APRIL 13 2015.........SUNRISE   627 AM EDT   SUNSET   741 PM EDT
APRIL 14 2015.........SUNRISE   625 AM EDT   SUNSET   742 PM EDT


-  INDICATES NEGATIVE NUMBERS.
R  INDICATES RECORD WAS SET OR TIED.
MM INDICATES DATA IS MISSING.
T  INDICATES TRACE AMOUNT.




$$
