000
CDUS41 KBGM 200600
CLIAVP


CLIMATE REPORT
NATIONAL WEATHER SERVICE BINGHAMTON NY
159 AM EDT MON APR 20 2015


...................................

...THE AVOCA PA CLIMATE SUMMARY FOR APRIL 19 2015...

CLIMATE NORMAL PERIOD 1981 TO 2010
CLIMATE RECORD PERIOD 1901 TO 2015


WEATHER ITEM   OBSERVED TIME   RECORD YEAR NORMAL DEPARTURE LAST
                VALUE   (LST)  VALUE       VALUE  FROM      YEAR
                                                  NORMAL
..................................................................
TEMPERATURE (F)
 YESTERDAY
  MAXIMUM         69    309 PM  91    1976  61      8       61
  MINIMUM         38    555 AM  24    1904  40     -2       34
  AVERAGE         54                        50      4       48

PRECIPITATION (IN)
  YESTERDAY        T             1.44 1998   0.11  -0.11     0.00
  MONTH TO DATE    1.28                      2.10  -0.82     1.88
  SINCE MAR 1      3.24                      4.65  -1.41     3.95
  SINCE JAN 1      6.24                      9.05  -2.81     8.83

SNOWFALL (IN)
  YESTERDAY        0.0           9.1  1983   0.2   -0.2      0.0
  MONTH TO DATE    0.0                       2.4   -2.4      0.7
  SINCE MAR 1      9.0                      11.4   -2.4      3.1
  SINCE JUL 1     51.4                      45.3    6.1     58.9

DEGREE DAYS
 HEATING
  YESTERDAY       11                        15     -4       17
  MONTH TO DATE  281                       353    -72      331
  SINCE MAR 1   1276                      1224     52     1374
  SINCE JUL 1   5973                      5830    143     6197

 COOLING
  YESTERDAY        0                         0      0        0
  MONTH TO DATE    0                         0      0        7
  SINCE MAR 1      0                         0      0        7
  SINCE JAN 1      0                         0      0        7
..................................................................


WIND (MPH)
  HIGHEST WIND SPEED    15   HIGHEST WIND DIRECTION     S (180)
  HIGHEST GUST SPEED    25   HIGHEST GUST DIRECTION    SE (130)
  AVERAGE WIND SPEED     5.6


SKY COVER
  AVERAGE SKY COVER 0.0



RELATIVE HUMIDITY (PERCENT)
 HIGHEST    64           600 AM
 LOWEST     16           100 PM
 AVERAGE    40

..........................................................


THE AVOCA PA CLIMATE NORMALS FOR TODAY
                         NORMAL    RECORD    YEAR
 MAXIMUM TEMPERATURE (F)   61        91      1941
 MINIMUM TEMPERATURE (F)   40        22      1904


SUNRISE AND SUNSET
APRIL 20 2015.........SUNRISE   616 AM EDT   SUNSET   748 PM EDT
APRIL 21 2015.........SUNRISE   615 AM EDT   SUNSET   749 PM EDT


-  INDICATES NEGATIVE NUMBERS.
R  INDICATES RECORD WAS SET OR TIED.
MM INDICATES DATA IS MISSING.
T  INDICATES TRACE AMOUNT.




$$
