000
CDUS41 KBGM 190222
CLIAVP


CLIMATE REPORT
NATIONAL WEATHER SERVICE BINGHAMTON NY
1022 PM EDT SAT APR 18 2015


...................................

...THE AVOCA PA CLIMATE SUMMARY FOR APRIL 18 2015...
VALID AS OF 1000 PM LOCAL TIME.

CLIMATE NORMAL PERIOD 1981 TO 2010
CLIMATE RECORD PERIOD 1901 TO 2015


WEATHER ITEM   OBSERVED TIME   RECORD YEAR NORMAL DEPARTURE LAST
                VALUE   (LST)  VALUE       VALUE  FROM      YEAR
                                                  NORMAL
..................................................................
TEMPERATURE (F)
 TODAY
  MAXIMUM         80    414 PM  92    1976  60     20       54
  MINIMUM         43    602 AM  28    2001  39      4       29
                                      1948
  AVERAGE         62                        50     12       42

PRECIPITATION (IN)
  TODAY            0.00          0.80 1924   0.11  -0.11     0.00
  MONTH TO DATE    1.28                      1.99  -0.71     1.88
  SINCE MAR 1      3.24                      4.54  -1.30     3.95
  SINCE JAN 1      6.24                      8.94  -2.70     8.83

SNOWFALL (IN)
  TODAY            0.0           5.5  1983   0.1   -0.1      0.0
  MONTH TO DATE    0.0                       2.2   -2.2      0.7
  SINCE MAR 1      9.0                      11.2   -2.2      3.1
  SINCE JUL 1     51.4                      45.1    6.3     58.9

DEGREE DAYS
 HEATING
  TODAY            3                        15    -12       23
  MONTH TO DATE  270                       338    -68      314
  SINCE MAR 1   1265                      1209     56     1357
  SINCE JUL 1   5962                      5815    147     6180

 COOLING
  TODAY            0                         0      0        0
  MONTH TO DATE    0                         0      0        7
  SINCE MAR 1      0                         0      0        7
  SINCE JAN 1      0                         0      0        7
..................................................................


WIND (MPH)
  HIGHEST WIND SPEED    23   HIGHEST WIND DIRECTION     N (340)
  HIGHEST GUST SPEED    31   HIGHEST GUST DIRECTION    NW (310)
  AVERAGE WIND SPEED     9.5


SKY COVER
  AVERAGE SKY COVER 0.1


WEATHER CONDITIONS
 THE FOLLOWING WEATHER WAS RECORDED TODAY.
  FOG
  HAZE


RELATIVE HUMIDITY (PERCENT)
 HIGHEST    96           600 AM
 LOWEST     20           300 PM
 AVERAGE    58

..........................................................


THE AVOCA PA CLIMATE NORMALS FOR TOMORROW
                         NORMAL    RECORD    YEAR
 MAXIMUM TEMPERATURE (F)   61        91      1976
 MINIMUM TEMPERATURE (F)   40        24      1904


SUNRISE AND SUNSET
APRIL 18 2015.........SUNRISE   619 AM EDT   SUNSET   746 PM EDT
APRIL 19 2015.........SUNRISE   618 AM EDT   SUNSET   747 PM EDT


-  INDICATES NEGATIVE NUMBERS.
R  INDICATES RECORD WAS SET OR TIED.
MM INDICATES DATA IS MISSING.
T  INDICATES TRACE AMOUNT.




$$
