000
CDUS41 KBGM 250531
CLIAVP


CLIMATE REPORT
NATIONAL WEATHER SERVICE BINGHAMTON NY
127 AM EDT SAT APR 25 2015


...................................

...THE AVOCA PA CLIMATE SUMMARY FOR APRIL 24 2015...

CLIMATE NORMAL PERIOD 1981 TO 2010
CLIMATE RECORD PERIOD 1901 TO 2015


WEATHER ITEM   OBSERVED TIME   RECORD YEAR NORMAL DEPARTURE LAST
                VALUE   (LST)  VALUE       VALUE  FROM      YEAR
                                                  NORMAL
..................................................................
TEMPERATURE (F)
 YESTERDAY
  MAXIMUM         49    346 PM  87    1960  63    -14       57
  MINIMUM         33   1142 PM  25    1930  41     -8       33
  AVERAGE         41                        52    -11       45

PRECIPITATION (IN)
  YESTERDAY        T             1.50 1968   0.12  -0.12     0.00
  MONTH TO DATE    2.88                      2.66   0.22     1.91
  SINCE MAR 1      4.84                      5.21  -0.37     3.98
  SINCE JAN 1      7.84                      9.61  -1.77     8.86

SNOWFALL (IN)
  YESTERDAY       MM             4.2  1967   0.1   MM        0.0
  MONTH TO DATE    T                         2.8   -2.8      0.7
  SINCE MAR 1      9.0                      11.8   -2.8      3.1
  SINCE JUL 1     51.4                      45.7    5.7     58.9

DEGREE DAYS
 HEATING
  YESTERDAY       24                        13     11       20
  MONTH TO DATE  371                       423    -52      403
  SINCE MAR 1   1366                      1294     72     1446
  SINCE JUL 1   6063                      5900    163     6269

 COOLING
  YESTERDAY        0                         0      0        0
  MONTH TO DATE    0                         0      0        7
  SINCE MAR 1      0                         0      0        7
  SINCE JAN 1      0                         0      0        7
..................................................................


WIND (MPH)
  HIGHEST WIND SPEED    25   HIGHEST WIND DIRECTION    NW (330)
  HIGHEST GUST SPEED    33   HIGHEST GUST DIRECTION     N (350)
  AVERAGE WIND SPEED    11.5


SKY COVER
  AVERAGE SKY COVER 0.6



RELATIVE HUMIDITY (PERCENT)
 HIGHEST    61           600 AM
 LOWEST     29           200 PM
 AVERAGE    45

..........................................................


THE AVOCA PA CLIMATE NORMALS FOR TODAY
                         NORMAL    RECORD    YEAR
 MAXIMUM TEMPERATURE (F)   63        88      1915
 MINIMUM TEMPERATURE (F)   41        23      1919


SUNRISE AND SUNSET
APRIL 25 2015.........SUNRISE   609 AM EDT   SUNSET   754 PM EDT
APRIL 26 2015.........SUNRISE   607 AM EDT   SUNSET   755 PM EDT


-  INDICATES NEGATIVE NUMBERS.
R  INDICATES RECORD WAS SET OR TIED.
MM INDICATES DATA IS MISSING.
T  INDICATES TRACE AMOUNT.

$$
