000
CDUS41 KBGM 120221
CLIAVP


CLIMATE REPORT
NATIONAL WEATHER SERVICE BINGHAMTON NY
1019 PM EDT SAT APR 11 2015


...................................

...THE AVOCA PA CLIMATE SUMMARY FOR APRIL 11 2015...
VALID AS OF 1000 PM LOCAL TIME.

CLIMATE NORMAL PERIOD 1981 TO 2010
CLIMATE RECORD PERIOD 1901 TO 2015


WEATHER ITEM   OBSERVED TIME   RECORD YEAR NORMAL DEPARTURE LAST
                VALUE   (LST)  VALUE       VALUE  FROM      YEAR
                                                  NORMAL
..................................................................
TEMPERATURE (F)
 TODAY
  MAXIMUM         52    412 PM  83    1945  57     -5       65
  MINIMUM         43    859 PM  20    1909  37      6       45
  AVERAGE         48                        47      1       55

PRECIPITATION (IN)
  TODAY            0.00          1.00 1922   0.12  -0.12     0.32
  MONTH TO DATE    1.05                      1.20  -0.15     0.77
  SINCE MAR 1      3.01                      3.75  -0.74     2.84
  SINCE JAN 1      6.01                      8.15  -2.14     7.72

SNOWFALL (IN)
  TODAY            0.0           1.0  1986   0.1   -0.1      0.0
  MONTH TO DATE    0.0                       1.4   -1.4      0.0
  SINCE MAR 1      9.0                      10.4   -1.4      2.4
  SINCE JUL 1     51.4                      44.3    7.1     58.2

DEGREE DAYS
 HEATING
  TODAY           17                        18     -1       10
  MONTH TO DATE  205                       222    -17      208
  SINCE MAR 1   1200                      1093    107     1251
  SINCE JUL 1   5897                      5699    198     6074

 COOLING
  TODAY            0                         0      0        0
  MONTH TO DATE    0                         0      0        0
  SINCE MAR 1      0                         0      0        0
  SINCE JAN 1      0                         0      0        0
..................................................................


WIND (MPH)
  HIGHEST WIND SPEED    23   HIGHEST WIND DIRECTION     N (340)
  HIGHEST GUST SPEED    31   HIGHEST GUST DIRECTION     W (290)
  AVERAGE WIND SPEED    12.2


SKY COVER
  AVERAGE SKY COVER 0.5


WEATHER CONDITIONS
 THE FOLLOWING WEATHER WAS RECORDED TODAY.
  NO SIGNIFICANT WEATHER WAS OBSERVED.


RELATIVE HUMIDITY (PERCENT)
 HIGHEST    71          1200 AM
 LOWEST     38           400 PM
 AVERAGE    55

..........................................................


THE AVOCA PA CLIMATE NORMALS FOR TOMORROW
                         NORMAL    RECORD    YEAR
 MAXIMUM TEMPERATURE (F)   58        84      1977
 MINIMUM TEMPERATURE (F)   37        20      1926


SUNRISE AND SUNSET
APRIL 11 2015.........SUNRISE   630 AM EDT   SUNSET   739 PM EDT
APRIL 12 2015.........SUNRISE   629 AM EDT   SUNSET   740 PM EDT


-  INDICATES NEGATIVE NUMBERS.
R  INDICATES RECORD WAS SET OR TIED.
MM INDICATES DATA IS MISSING.
T  INDICATES TRACE AMOUNT.

$$
