000
CDUS41 KBGM 250538
CLIAVP


CLIMATE REPORT
NATIONAL WEATHER SERVICE BINGHAMTON NY
137 AM EDT WED MAR 25 2015


...................................

...THE AVOCA PA CLIMATE SUMMARY FOR MARCH 24 2015...

CLIMATE NORMAL PERIOD 1981 TO 2010
CLIMATE RECORD PERIOD 1901 TO 2015


WEATHER ITEM   OBSERVED TIME   RECORD YEAR NORMAL DEPARTURE LAST
                VALUE   (LST)  VALUE       VALUE  FROM      YEAR
                                                  NORMAL
..................................................................
TEMPERATURE (F)
 YESTERDAY
  MAXIMUM         43    516 PM  77    1910  49     -6       31
  MINIMUM         16    627 AM   5    1906  30    -14       15
  AVERAGE         30                        40    -10       23

PRECIPITATION (IN)
  YESTERDAY        0.00          1.51 1912   0.09  -0.09      T
  MONTH TO DATE    1.52                      1.90  -0.38     0.35
  SINCE MAR 1      1.52                      1.90  -0.38     0.35
  SINCE JAN 1      4.52                      6.30  -1.78     5.23

SNOWFALL (IN)
  YESTERDAY        0.0           2.1  1966   0.2   -0.2       T
  MONTH TO DATE    6.4                       7.8   -1.4      0.1
  SINCE MAR 1      6.4                       7.8   -1.4      0.1
  SINCE JUL 1     48.5                      41.7    6.8     55.9

DEGREE DAYS
 HEATING
  YESTERDAY       35                        25     10       42
  MONTH TO DATE  791                       705     86      829
  SINCE MAR 1    791                       705     86      829
  SINCE JUL 1   5488                      5311    177     5652

 COOLING
  YESTERDAY        0                         0      0        0
  MONTH TO DATE    0                         0      0        0
  SINCE MAR 1      0                         0      0        0
  SINCE JAN 1      0                         0      0        0
..................................................................


WIND (MPH)
  HIGHEST WIND SPEED    13   HIGHEST WIND DIRECTION     N (10)
  HIGHEST GUST SPEED    18   HIGHEST GUST DIRECTION     N (360)
  AVERAGE WIND SPEED     4.0


SKY COVER
  AVERAGE SKY COVER 0.2



RELATIVE HUMIDITY (PERCENT)
 HIGHEST    61           600 AM
 LOWEST     29           400 PM
 AVERAGE    45

..........................................................


THE AVOCA PA CLIMATE NORMALS FOR TODAY
                         NORMAL    RECORD    YEAR
 MAXIMUM TEMPERATURE (F)   50        76      1913
                                             1910
 MINIMUM TEMPERATURE (F)   31        10      1974
                                             1960
                                             1906


SUNRISE AND SUNSET
MARCH 25 2015.........SUNRISE   658 AM EDT   SUNSET   720 PM EDT
MARCH 26 2015.........SUNRISE   657 AM EDT   SUNSET   721 PM EDT


-  INDICATES NEGATIVE NUMBERS.
R  INDICATES RECORD WAS SET OR TIED.
MM INDICATES DATA IS MISSING.
T  INDICATES TRACE AMOUNT.




$$
