000
CDUS41 KBGM 102121
CLIAVP


CLIMATE REPORT
NATIONAL WEATHER SERVICE BINGHAMTON NY
521 PM EDT FRI APR 10 2015


...................................

...THE AVOCA PA CLIMATE SUMMARY FOR APRIL 10 2015...
VALID TODAY AS OF 0500 PM LOCAL TIME.

CLIMATE NORMAL PERIOD 1981 TO 2010
CLIMATE RECORD PERIOD 1901 TO 2015


WEATHER ITEM   OBSERVED TIME   RECORD YEAR NORMAL DEPARTURE LAST
                VALUE   (LST)  VALUE       VALUE  FROM      YEAR
                                                  NORMAL
..................................................................
TEMPERATURE (F)
 TODAY
  MAXIMUM         56    338 PM  82    1922  57     -1       66
  MINIMUM         39    452 AM  20    1985  36      3       29
  AVERAGE         48                        47      1       48

PRECIPITATION (IN)
  TODAY            0.21          1.59 1993   0.11   0.10     0.00
  MONTH TO DATE    1.05                      1.08  -0.03     0.45
  SINCE MAR 1      3.01                      3.63  -0.62     2.52
  SINCE JAN 1      6.01                      8.03  -2.02     7.40

SNOWFALL (IN)
  TODAY           MM             4.0  1961   0.2   MM        0.0
  MONTH TO DATE    0.0                       1.3   -1.3      0.0
  SINCE MAR 1      9.0                      10.3   -1.3      2.4
  SINCE JUL 1     51.4                      44.2    7.2     58.2

DEGREE DAYS
 HEATING
  TODAY           17                        19     -2       17
  MONTH TO DATE  188                       204    -16      198
  SINCE MAR 1   1183                      1075    108     1241
  SINCE JUL 1   5880                      5681    199     6064

 COOLING
  TODAY            0                         0      0        0
  MONTH TO DATE    0                         0      0        0
  SINCE MAR 1      0                         0      0        0
  SINCE JAN 1      0                         0      0        0
..................................................................


WIND (MPH)
  HIGHEST WIND SPEED    16   HIGHEST WIND DIRECTION    SW (240)
  HIGHEST GUST SPEED    21   HIGHEST GUST DIRECTION    SW (220)
  AVERAGE WIND SPEED     5.6


SKY COVER
  AVERAGE SKY COVER 0.8


WEATHER CONDITIONS
 THE FOLLOWING WEATHER WAS RECORDED TODAY.
  RAIN
  LIGHT RAIN
  FOG


RELATIVE HUMIDITY (PERCENT)
 HIGHEST    93           700 AM
 LOWEST     72           100 PM
 AVERAGE    83

..........................................................


THE AVOCA PA CLIMATE NORMALS FOR TOMORROW
                         NORMAL    RECORD    YEAR
 MAXIMUM TEMPERATURE (F)   57        83      1945
 MINIMUM TEMPERATURE (F)   37        20      1909


SUNRISE AND SUNSET
APRIL 10 2015.........SUNRISE   632 AM EDT   SUNSET   738 PM EDT
APRIL 11 2015.........SUNRISE   630 AM EDT   SUNSET   739 PM EDT


-  INDICATES NEGATIVE NUMBERS.
R  INDICATES RECORD WAS SET OR TIED.
MM INDICATES DATA IS MISSING.
T  INDICATES TRACE AMOUNT.




$$
