000
CDUS41 KBGM 270651
CLIAVP


CLIMATE REPORT
NATIONAL WEATHER SERVICE BINGHAMTON NY
251 AM EDT MON APR 27 2015


...................................

...THE AVOCA PA CLIMATE SUMMARY FOR APRIL 26 2015...

CLIMATE NORMAL PERIOD 1981 TO 2010
CLIMATE RECORD PERIOD 1901 TO 2015


WEATHER ITEM   OBSERVED TIME   RECORD YEAR NORMAL DEPARTURE LAST
                VALUE   (LST)  VALUE       VALUE  FROM      YEAR
                                                  NORMAL
..................................................................
TEMPERATURE (F)
 YESTERDAY
  MAXIMUM         55    209 PM  90    2009  64     -9       62
  MINIMUM         31    456 AM  26    1972  42    -11       44
                                      1919
  AVERAGE         43                        53    -10       53

PRECIPITATION (IN)
  YESTERDAY        T             1.35 1953   0.11  -0.11     0.09
  MONTH TO DATE    2.88                      2.88   0.00     2.11
  SINCE MAR 1      4.84                      5.43  -0.59     4.18
  SINCE JAN 1      7.84                      9.83  -1.99     9.06

SNOWFALL (IN)
  YESTERDAY        0.0           T    1993   0.1   -0.1      0.0
                                      1976
  MONTH TO DATE    T                         3.0   -3.0      0.7
  SINCE MAR 1      9.0                      12.0   -3.0      3.1
  SINCE JUL 1     51.4                      45.9    5.5     58.9

DEGREE DAYS
 HEATING
  YESTERDAY       22                        13      9       12
  MONTH TO DATE  414                       449    -35      430
  SINCE MAR 1   1409                      1320     89     1473
  SINCE JUL 1   6106                      5926    180     6296

 COOLING
  YESTERDAY        0                         0      0        0
  MONTH TO DATE    0                         0      0        7
  SINCE MAR 1      0                         0      0        7
  SINCE JAN 1      0                         0      0        7
..................................................................


WIND (MPH)
  HIGHEST WIND SPEED    17   HIGHEST WIND DIRECTION    NW (330)
  HIGHEST GUST SPEED    22   HIGHEST GUST DIRECTION     N (340)
  AVERAGE WIND SPEED     5.9


SKY COVER
  AVERAGE SKY COVER 0.5



RELATIVE HUMIDITY (PERCENT)
 HIGHEST    78           500 AM
 LOWEST     35           200 PM
 AVERAGE    57

..........................................................


THE AVOCA PA CLIMATE NORMALS FOR TODAY
                         NORMAL    RECORD    YEAR
 MAXIMUM TEMPERATURE (F)   64        93      2009
 MINIMUM TEMPERATURE (F)   42        28      2002


SUNRISE AND SUNSET
APRIL 27 2015.........SUNRISE   606 AM EDT   SUNSET   756 PM EDT
APRIL 28 2015.........SUNRISE   605 AM EDT   SUNSET   757 PM EDT


-  INDICATES NEGATIVE NUMBERS.
R  INDICATES RECORD WAS SET OR TIED.
MM INDICATES DATA IS MISSING.
T  INDICATES TRACE AMOUNT.




$$
