000
CXUS51 KBGM 011223 CCA
CF6BGM

PRELIMINARY LOCAL CLIMATOLOGICAL DATA (WS FORM: F-6)

                                          STATION:   BINGHAMTON NY
                                          MONTH:     APRIL
                                          YEAR:      2015
                                          LATITUDE:   42 13 N
                                          LONGITUDE:  75 59 W

  TEMPERATURE IN F:       :PCPN:    SNOW:  WIND      :SUNSHINE: SKY     :PK WND
================================================================================
1   2   3   4   5  6A  6B    7    8   9   10  11  12  13   14  15   16   17  18
                                     12Z  AVG MX 2MIN
DY MAX MIN AVG DEP HDD CDD  WTR  SNW DPTH SPD SPD DIR MIN PSBL S-S WX    SPD DR
================================================================================

 1  39  23  31  -8  34   0 0.00  0.0    2  7.0 15 320   M    M   1        26 310
 2  62  29  46   7  19   0    T  0.0    1 11.7 21 210   M    M   4        29 220
 3  61  40  51  11  14   0 0.30  0.0    T  6.9 22 350   M    M   8 12     26 360
 4  40  28  34  -6  31   0 0.23  0.7    T 13.0 28 330   M    M   9 12     41 340
 5  33  26  30 -11  35   0 0.15  1.6    1  2.4 15 280   M    M   9 128    23 310
 6  63  28  46   5  19   0 0.01  0.0    1  6.9 25 250   M    M   7 12     35 260
 7  49  39  44   2  21   0 0.13  0.0    0  5.7 12  90   M    M  10 1      14 100
 8  39  34  37  -5  28   0 0.58  0.0    0 12.6 23 160   M    M  10 123    34 170
 9  40  34  37  -5  28   0 0.63  0.0    0 14.0 24 140   M    M  10 123    34 160
10  55  36  46   3  19   0 0.26  0.0    0 11.1 23 270   M    M   7 1      31 150
11  43  33  38  -5  27   0 0.01  0.0    0  9.8 21 300   M    M   7        31 330
12  63  30  47   3  18   0 0.00  0.0    0  4.9 12 260   M    M   0        15 250
13  74  43  59  15   6   0 0.05  0.0    0 11.2 22 190   M    M   0 1      36 220
14  60  42  51   7  14   0 0.17  0.0    0  6.1 24 340   M    M   2 1      33 350
15  59  40  50   5  15   0 0.00  0.0    0  9.5 22 360   M    M   0        33  10
16  67  34  51   6  14   0 0.04  0.0    0  9.3 20 180   M    M   2        28 170
17  61  49  55   9  10   0 0.12  0.0    0  8.1 16 330   M    M   7 1      20 320
18  72  44  58  12   7   0 0.00  0.0    0 10.4 25 340   M    M   0        35 340
19  65  36  51   4  14   0 0.00  0.0    0  9.7 28 140   M    M   0        37 140
20  58  41  50   3  15   0 0.74  0.0    0 17.4 35 130   M    M   9 13     44 150
21  55  41  48   1  17   0 0.42  0.0    0 10.7 25 260   M    M   8 13     37 270
22  49  32  41  -7  24   0 0.33  0.3    0  8.4 22 270   M    M   7 1      29 310
23  36  29  33 -15  32   0 0.03  0.1    0 11.1 23 280   M    M  10 128    29 290
24  34  28  31 -17  34   0    T  0.1    T 10.9 21 290   M    M  10 8      29 290
25  49  26  38 -11  27   0 0.00  0.0    0  8.4 17 350   M    M   0        23 330
26  48  31  40  -9  25   0 0.00  0.0    0  7.9 17 350   M    M   6 8      22 350
27  48  38  43  -7  22   0 0.01  0.0    0 10.7 21 350   M    M  10        27 340
28  61  39  50   0  15   0    T  0.0    0 11.5 23 340   M    M   4        30 360
29  66  45  56   6   9   0 0.00  0.0    0  9.6 20 330   M    M   2        28 360
30  68  42  55   4  10   0 0.00  0.0    0  6.7 15  40   M    M   1        21  30
================================================================================
SM 1617 1060       603   0  4.21     2.8 283.6          M      160
================================================================================
AV 53.9 35.3                               9.5 FASTST   M    M   5    MAX(MPH)
                                 MISC ---->  # 35 130               # 44  150
================================================================================
NOTES:
# LAST OF SEVERAL OCCURRENCES

COLUMN 17 PEAK WIND IN M.P.H.

PRELIMINARY LOCAL CLIMATOLOGICAL DATA (WS FORM: F-6) , PAGE 2

                                          STATION:  BINGHAMTON NY
                                          MONTH:    APRIL
                                          YEAR:     2015
                                          LATITUDE:   42 13 N
                                          LONGITUDE:  75 59 W

[TEMPERATURE DATA]      [PRECIPITATION DATA]       SYMBOLS USED IN COLUMN 16

AVERAGE MONTHLY: 44.6   TOTAL FOR MONTH:   4.21    1 = FOG OR MIST
DPTR FM NORMAL:  -0.5   DPTR FM NORMAL:    0.78    2 = FOG REDUCING VISIBILITY
HIGHEST:    74 ON 13    GRTST 24HR  1.13 ON 20-21      TO 1/4 MILE OR LESS
LOWEST:     23 ON  1                               3 = THUNDER
                        SNOW, ICE PELLETS, HAIL    4 = ICE PELLETS
                        TOTAL MONTH:   2.8 INCHES  5 = HAIL
                        GRTST 24HR    2.1 ON 04-05 6 = FREEZING RAIN OR DRIZZLE
                        GRTST DEPTH:   2 ON  1     7 = DUSTSTORM OR SANDSTORM:
                                                       VSBY 1/2 MILE OR LESS
                                                   8 = SMOKE OR HAZE
[NO. OF DAYS WITH]      [WEATHER - DAYS WITH]      9 = BLOWING SNOW
                                                   X = TORNADO
MAX 32 OR BELOW:   0    0.01 INCH OR MORE:  18
MAX 90 OR ABOVE:   0    0.10 INCH OR MORE:  12
MIN 32 OR BELOW:  11    0.50 INCH OR MORE:   3
MIN  0 OR BELOW:   0    1.00 INCH OR MORE:   0

[HDD (BASE 65) ]
TOTAL THIS MO.   603    CLEAR  (SCALE 0-3)  11
DPTR FM NORMAL     0    PTCLDY (SCALE 4-7)   8
TOTAL FM JUL 1  7305    CLOUDY (SCALE 8-10) 11
DPTR FM NORMAL   506

[CDD (BASE 65) ]
TOTAL THIS MO.     0
DPTR FM NORMAL    -4    [PRESSURE DATA]
TOTAL FM JAN 1     0    HIGHEST SLP 30.45 ON 16
DPTR FM NORMAL    -4    LOWEST  SLP 29.51 ON 21

[REMARKS]
#FINAL-04-15#
CORRECTED GREATEST 24 HOUR SNOWFALL
DAILY RECORD COOLEST MAX TEMPERATURE AND AVERAGE TEMPERATURE ON DAYS 23 AND 24
