000
CDUS41 KBGM 290527
CLIBGM


CLIMATE REPORT
NATIONAL WEATHER SERVICE BINGHAMTON NY
124 AM EDT SUN MAR 29 2015


...................................

...THE BINGHAMTON NY CLIMATE SUMMARY FOR MARCH 28 2015...

CLIMATE NORMAL PERIOD 1981 TO 2010
CLIMATE RECORD PERIOD 1951 TO 2015


WEATHER ITEM   OBSERVED TIME   RECORD YEAR NORMAL DEPARTURE LAST
                VALUE   (LST)  VALUE       VALUE  FROM      YEAR
                                                  NORMAL
..................................................................
TEMPERATURE (F)
 YESTERDAY
  MAXIMUM         24   1246 AM  78    1998  46    -22       52
  MINIMUM         14   1159 PM  11    1975  29    -15       33
  AVERAGE         19                        37    -18       43

PRECIPITATION (IN)
  YESTERDAY        T             1.83 2005   0.10  -0.10     0.24
  MONTH TO DATE    1.84                      2.66  -0.82     1.35
  SINCE MAR 1      1.84                      2.66  -0.82     1.35
  SINCE JAN 1      5.78                      7.42  -1.64     7.04

SNOWFALL (IN)
  YESTERDAY        T             4.0  1984   0.4   -0.4      0.0
  MONTH TO DATE   13.4                      14.2   -0.8      1.5
  SINCE MAR 1     13.4                      14.2   -0.8      1.5
  SINCE JUL 1     89.2                      78.1   11.1     84.0
  SNOW DEPTH       4

DEGREE DAYS
 HEATING
  YESTERDAY       46                        28     18       22
  MONTH TO DATE 1066                       917    149     1115
  SINCE MAR 1   1066                       917    149     1115
  SINCE JUL 1   6598                      6116    482     6586

 COOLING
  YESTERDAY        0                         0      0        0
  MONTH TO DATE    0                         0      0        0
  SINCE MAR 1      0                         0      0        0
  SINCE JAN 1      0                         0      0        0
..................................................................


WIND (MPH)
  HIGHEST WIND SPEED    24   HIGHEST WIND DIRECTION     N (360)
  HIGHEST GUST SPEED    30   HIGHEST GUST DIRECTION     N (350)
  AVERAGE WIND SPEED    11.7


SKY COVER
  AVERAGE SKY COVER 0.8


WEATHER CONDITIONS
 THE FOLLOWING WEATHER WAS RECORDED YESTERDAY.
  LIGHT SNOW
  HAZE


RELATIVE HUMIDITY (PERCENT)
 HIGHEST    84           400 AM
 LOWEST     49           500 PM
 AVERAGE    67

..........................................................


THE BINGHAMTON NY CLIMATE NORMALS FOR TODAY
                         NORMAL    RECORD    YEAR
 MAXIMUM TEMPERATURE (F)   46        75      1986
                                             1985
 MINIMUM TEMPERATURE (F)   29         9      1959


SUNRISE AND SUNSET
MARCH 29 2015.........SUNRISE   652 AM EDT   SUNSET   726 PM EDT
MARCH 30 2015.........SUNRISE   650 AM EDT   SUNSET   727 PM EDT


-  INDICATES NEGATIVE NUMBERS.
R  INDICATES RECORD WAS SET OR TIED.
MM INDICATES DATA IS MISSING.
T  INDICATES TRACE AMOUNT.

$$
