000
CDUS41 KBGM 100257
CLIBGM


CLIMATE REPORT
NATIONAL WEATHER SERVICE BINGHAMTON NY
1057 PM EDT THU APR 9 2015


...................................

...THE BINGHAMTON NY CLIMATE SUMMARY FOR APRIL 9 2015...
VALID AS OF 1000 PM LOCAL TIME.

CLIMATE NORMAL PERIOD 1981 TO 2010
CLIMATE RECORD PERIOD 1951 TO 2015


WEATHER ITEM   OBSERVED TIME   RECORD YEAR NORMAL DEPARTURE LAST
                VALUE   (LST)  VALUE       VALUE  FROM      YEAR
                                                  NORMAL
..................................................................
TEMPERATURE (F)
 TODAY
  MAXIMUM         40    254 PM  75    1991  51    -11       46
  MINIMUM         34    855 AM  15    1997  34      0       32
  AVERAGE         37                        42     -5       39

PRECIPITATION (IN)
  TODAY            0.49          2.86 1980   0.13   0.36     0.00
  MONTH TO DATE    1.89                      1.06   0.83     0.59
  SINCE MAR 1      3.88                      4.05  -0.17     3.27
  SINCE JAN 1      7.82                      8.81  -0.99     8.96

SNOWFALL (IN)
  TODAY           MM            11.5  1960   0.2   MM        0.0
  MONTH TO DATE    2.3                       1.9    0.4       T
  SINCE MAR 1     17.1                      17.0    0.1      1.9
  SINCE JUL 1     92.9                      80.9   12.0     84.4
  SNOW DEPTH       0

DEGREE DAYS
 HEATING
  TODAY           28                        23      5       26
  MONTH TO DATE  229                       219     10      220
  SINCE MAR 1   1399                      1216    183     1420
  SINCE JUL 1   6931                      6415    516     6891

 COOLING
  TODAY            0                         0      0        0
  MONTH TO DATE    0                         0      0        0
  SINCE MAR 1      0                         0      0        0
  SINCE JAN 1      0                         0      0        0
..................................................................


WIND (MPH)
  HIGHEST WIND SPEED    24   HIGHEST WIND DIRECTION    SE (140)
  HIGHEST GUST SPEED    34   HIGHEST GUST DIRECTION     S (160)
  AVERAGE WIND SPEED    12.9


SKY COVER
  AVERAGE SKY COVER 1.0


WEATHER CONDITIONS
 THE FOLLOWING WEATHER WAS RECORDED TODAY.
  THUNDERSTORM
  HEAVY RAIN
  RAIN
  LIGHT RAIN
  FOG
  FOG W/VISIBILITY <= 1/4 MILE


RELATIVE HUMIDITY (PERCENT)
 HIGHEST   100           200 AM
 LOWEST     92          1200 PM
 AVERAGE    96

..........................................................


THE BINGHAMTON NY CLIMATE NORMALS FOR TOMORROW
                         NORMAL    RECORD    YEAR
 MAXIMUM TEMPERATURE (F)   52        72      1955
 MINIMUM TEMPERATURE (F)   34        17      1985


SUNRISE AND SUNSET
APRIL  9 2015.........SUNRISE   633 AM EDT   SUNSET   738 PM EDT
APRIL 10 2015.........SUNRISE   632 AM EDT   SUNSET   739 PM EDT


-  INDICATES NEGATIVE NUMBERS.
R  INDICATES RECORD WAS SET OR TIED.
MM INDICATES DATA IS MISSING.
T  INDICATES TRACE AMOUNT.




$$
