000
CDUS41 KBGM 190544
CLIBGM


CLIMATE REPORT
NATIONAL WEATHER SERVICE BINGHAMTON NY
143 AM EDT SUN APR 19 2015


...................................

...THE BINGHAMTON NY CLIMATE SUMMARY FOR APRIL 18 2015...

CLIMATE NORMAL PERIOD 1981 TO 2010
CLIMATE RECORD PERIOD 1951 TO 2015


WEATHER ITEM   OBSERVED TIME   RECORD YEAR NORMAL DEPARTURE LAST
                VALUE   (LST)  VALUE       VALUE  FROM      YEAR
                                                  NORMAL
..................................................................
TEMPERATURE (F)
 YESTERDAY
  MAXIMUM         72    139 PM  85    1976  55     17       53
  MINIMUM         44    529 AM  25    2001  37      7       30
  AVERAGE         58                        46     12       42

PRECIPITATION (IN)
  YESTERDAY        0.00          0.62 1965   0.11  -0.11     0.00
  MONTH TO DATE    2.68                      2.11   0.57     1.67
  SINCE MAR 1      4.67                      5.10  -0.43     4.35
  SINCE JAN 1      8.61                      9.86  -1.25    10.04

SNOWFALL (IN)
  YESTERDAY        0.0           7.1  1965   0.1   -0.1      0.0
  MONTH TO DATE    2.3                       3.3   -1.0      1.0
  SINCE MAR 1     17.1                      18.4   -1.3      2.9
  SINCE JUL 1     92.9                      82.3   10.6     85.4
  SNOW DEPTH       0

DEGREE DAYS
 HEATING
  YESTERDAY        7                        19    -12       23
  MONTH TO DATE  359                       404    -45      377
  SINCE MAR 1   1529                      1401    128     1577
  SINCE JUL 1   7061                      6600    461     7048

 COOLING
  YESTERDAY        0                         0      0        0
  MONTH TO DATE    0                         0      0        2
  SINCE MAR 1      0                         0      0        2
  SINCE JAN 1      0                         0      0        2
..................................................................


WIND (MPH)
  HIGHEST WIND SPEED    25   HIGHEST WIND DIRECTION     N (340)
  HIGHEST GUST SPEED    35   HIGHEST GUST DIRECTION     N (340)
  AVERAGE WIND SPEED    10.4


SKY COVER
  AVERAGE SKY COVER 0.0


WEATHER CONDITIONS
 THE FOLLOWING WEATHER WAS RECORDED YESTERDAY.
  NO SIGNIFICANT WEATHER WAS OBSERVED.


RELATIVE HUMIDITY (PERCENT)
 HIGHEST    93           200 AM
 LOWEST     23           500 PM
 AVERAGE    58

..........................................................


THE BINGHAMTON NY CLIMATE NORMALS FOR TODAY
                         NORMAL    RECORD    YEAR
 MAXIMUM TEMPERATURE (F)   56        85      1976
 MINIMUM TEMPERATURE (F)   37        22      2001


SUNRISE AND SUNSET
APRIL 19 2015.........SUNRISE   617 AM EDT   SUNSET   750 PM EDT
APRIL 20 2015.........SUNRISE   616 AM EDT   SUNSET   751 PM EDT


-  INDICATES NEGATIVE NUMBERS.
R  INDICATES RECORD WAS SET OR TIED.
MM INDICATES DATA IS MISSING.
T  INDICATES TRACE AMOUNT.

$$
