000
CDUS41 KBGM 030549
CLIBGM


CLIMATE REPORT
NATIONAL WEATHER SERVICE BINGHAMTON NY
147 AM EDT SUN MAY 3 2015


...................................

...THE BINGHAMTON NY CLIMATE SUMMARY FOR MAY 2 2015...

CLIMATE NORMAL PERIOD 1981 TO 2010
CLIMATE RECORD PERIOD 1951 TO 2015


WEATHER ITEM   OBSERVED TIME   RECORD YEAR NORMAL DEPARTURE LAST
                VALUE   (LST)  VALUE       VALUE  FROM      YEAR
                                                  NORMAL
..................................................................
TEMPERATURE (F)
 YESTERDAY
  MAXIMUM         69    423 PM  83    2001  61      8       59
  MINIMUM         46    535 AM  29    1974  42      4       42
  AVERAGE         58                        51      7       51

PRECIPITATION (IN)
  YESTERDAY        0.00          1.03 2004   0.11  -0.11     0.01
  MONTH TO DATE    T                         0.22  -0.22     0.16
  SINCE MAR 1      6.20                      6.64  -0.44     5.61
  SINCE JAN 1     10.14                     11.40  -1.26    11.30

SNOWFALL (IN)
  YESTERDAY        0.0           T    1991   0.0    0.0      0.0
  MONTH TO DATE    0.0                       0.0    0.0      0.0
  SINCE MAR 1     17.6                      19.4   -1.8      2.9
  SINCE JUL 1     93.4                      83.3   10.1     85.4
  SNOW DEPTH       0

DEGREE DAYS
 HEATING
  YESTERDAY        7                        14     -7       14
  MONTH TO DATE   17                        28    -11       23
  SINCE MAR 1   1790                      1628    162     1825
  SINCE JUL 1   7322                      6827    495     7296

 COOLING
  YESTERDAY        0                         0      0        0
  MONTH TO DATE    0                         0      0        0
  SINCE MAR 1      0                         4     -4        2
  SINCE JAN 1      0                         4     -4        2
..................................................................


WIND (MPH)
  HIGHEST WIND SPEED    18   HIGHEST WIND DIRECTION     W (280)
  HIGHEST GUST SPEED    27   HIGHEST GUST DIRECTION     W (280)
  AVERAGE WIND SPEED     6.7


SKY COVER
  AVERAGE SKY COVER 0.2


WEATHER CONDITIONS
 THE FOLLOWING WEATHER WAS RECORDED YESTERDAY.
  NO SIGNIFICANT WEATHER WAS OBSERVED.


RELATIVE HUMIDITY (PERCENT)
 HIGHEST    76           200 AM
 LOWEST     24           400 PM
 AVERAGE    50

..........................................................


THE BINGHAMTON NY CLIMATE NORMALS FOR TODAY
                         NORMAL    RECORD    YEAR
 MAXIMUM TEMPERATURE (F)   61        84      2001
                                             1965
 MINIMUM TEMPERATURE (F)   42        26      1957


SUNRISE AND SUNSET
MAY  3 2015...........SUNRISE   557 AM EDT   SUNSET   805 PM EDT
MAY  4 2015...........SUNRISE   556 AM EDT   SUNSET   806 PM EDT


-  INDICATES NEGATIVE NUMBERS.
R  INDICATES RECORD WAS SET OR TIED.
MM INDICATES DATA IS MISSING.
T  INDICATES TRACE AMOUNT.




$$
