000
CDUS41 KBGM 142119
CLIBGM


CLIMATE REPORT
NATIONAL WEATHER SERVICE BINGHAMTON NY
517 PM EDT TUE APR 14 2015


...................................

...THE BINGHAMTON NY CLIMATE SUMMARY FOR APRIL 14 2015...
VALID TODAY AS OF 0500 PM LOCAL TIME.

CLIMATE NORMAL PERIOD 1981 TO 2010
CLIMATE RECORD PERIOD 1951 TO 2015


WEATHER ITEM   OBSERVED TIME   RECORD YEAR NORMAL DEPARTURE LAST
                VALUE   (LST)  VALUE       VALUE  FROM      YEAR
                                                  NORMAL
..................................................................
TEMPERATURE (F)
 TODAY
  MAXIMUM         60    146 PM  79    1968  54      6       74
  MINIMUM         42    616 AM  22    1957  35      7       58
  AVERAGE         51                        44      7       66

PRECIPITATION (IN)
  TODAY            0.17          0.61 2002   0.12   0.05     0.13
  MONTH TO DATE    2.52                      1.65   0.87     1.02
  SINCE MAR 1      4.51                      4.64  -0.13     3.70
  SINCE JAN 1      8.45                      9.40  -0.95     9.39

SNOWFALL (IN)
  TODAY            0.0           1.4  1962   0.2   -0.2      0.0
  MONTH TO DATE    2.3                       2.8   -0.5       T
  SINCE MAR 1     17.1                      17.9   -0.8      1.9
  SINCE JUL 1     92.9                      81.8   11.1     84.4
  SNOW DEPTH       0

DEGREE DAYS
 HEATING
  TODAY           14                        21     -7        0
  MONTH TO DATE  313                       326    -13      267
  SINCE MAR 1   1483                      1323    160     1467
  SINCE JUL 1   7015                      6522    493     6938

 COOLING
  TODAY            0                         0      0        1
  MONTH TO DATE    0                         0      0        2
  SINCE MAR 1      0                         0      0        2
  SINCE JAN 1      0                         0      0        2
..................................................................


WIND (MPH)
  HIGHEST WIND SPEED    24   HIGHEST WIND DIRECTION     N (340)
  HIGHEST GUST SPEED    33   HIGHEST GUST DIRECTION     N (350)
  AVERAGE WIND SPEED     6.8


SKY COVER
  AVERAGE SKY COVER 0.3


WEATHER CONDITIONS
 THE FOLLOWING WEATHER WAS RECORDED TODAY.
  HEAVY RAIN
  RAIN
  LIGHT RAIN
  FOG


RELATIVE HUMIDITY (PERCENT)
 HIGHEST    96           600 AM
 LOWEST     31           200 PM
 AVERAGE    64

..........................................................


THE BINGHAMTON NY CLIMATE NORMALS FOR TOMORROW
                         NORMAL    RECORD    YEAR
 MAXIMUM TEMPERATURE (F)   54        83      1994
 MINIMUM TEMPERATURE (F)   36        21      1957


SUNRISE AND SUNSET
APRIL 14 2015.........SUNRISE   625 AM EDT   SUNSET   744 PM EDT
APRIL 15 2015.........SUNRISE   624 AM EDT   SUNSET   745 PM EDT


-  INDICATES NEGATIVE NUMBERS.
R  INDICATES RECORD WAS SET OR TIED.
MM INDICATES DATA IS MISSING.
T  INDICATES TRACE AMOUNT.

$$
