000
CDUS41 KBGM 230619
CLIBGM


CLIMATE REPORT
NATIONAL WEATHER SERVICE BINGHAMTON NY
214 AM EDT THU APR 23 2015


...................................

...THE BINGHAMTON NY CLIMATE SUMMARY FOR APRIL 22 2015...

CLIMATE NORMAL PERIOD 1981 TO 2010
CLIMATE RECORD PERIOD 1951 TO 2015


WEATHER ITEM   OBSERVED TIME   RECORD YEAR NORMAL DEPARTURE LAST
                VALUE   (LST)  VALUE       VALUE  FROM      YEAR
                                                  NORMAL
..................................................................
TEMPERATURE (F)
 YESTERDAY
  MAXIMUM         49    315 PM  83    1985  57     -8       63
  MINIMUM         32   1159 PM  22    1975  38     -6       42
  AVERAGE         41                        48     -7       53

PRECIPITATION (IN)
  YESTERDAY        0.33          1.17 2006   0.11   0.22     0.12
  MONTH TO DATE    4.17                      2.54   1.63     1.79
  SINCE MAR 1      6.16                      5.53   0.63     4.47
  SINCE JAN 1     10.10                     10.29  -0.19    10.16

SNOWFALL (IN)
  YESTERDAY        0.3           8.6  1993   0.1    0.2      0.0
  MONTH TO DATE    2.6                       3.7   -1.1      1.0
  SINCE MAR 1     17.4                      18.8   -1.4      2.9
  SINCE JUL 1     93.2                      82.7   10.5     85.4
  SNOW DEPTH       0

DEGREE DAYS
 HEATING
  YESTERDAY       24                        17      7       12
  MONTH TO DATE  429                       476    -47      436
  SINCE MAR 1   1599                      1473    126     1636
  SINCE JUL 1   7131                      6672    459     7107

 COOLING
  YESTERDAY        0                         0      0        0
  MONTH TO DATE    0                         0      0        2
  SINCE MAR 1      0                         0      0        2
  SINCE JAN 1      0                         0      0        2
..................................................................


WIND (MPH)
  HIGHEST WIND SPEED    22   HIGHEST WIND DIRECTION     W (270)
  HIGHEST GUST SPEED    29   HIGHEST GUST DIRECTION    NW (310)
  AVERAGE WIND SPEED     8.4


SKY COVER
  AVERAGE SKY COVER 0.7


WEATHER CONDITIONS
 THE FOLLOWING WEATHER WAS RECORDED YESTERDAY.
  LIGHT RAIN
  SNOW
  LIGHT SNOW
  FOG


RELATIVE HUMIDITY (PERCENT)
 HIGHEST   100          1100 AM
 LOWEST     65          1200 AM
 AVERAGE    83

..........................................................


THE BINGHAMTON NY CLIMATE NORMALS FOR TODAY
                         NORMAL    RECORD    YEAR
 MAXIMUM TEMPERATURE (F)   58        85      1985
 MINIMUM TEMPERATURE (F)   39        24      1989


SUNRISE AND SUNSET
APRIL 23 2015.........SUNRISE   611 AM EDT   SUNSET   754 PM EDT
APRIL 24 2015.........SUNRISE   610 AM EDT   SUNSET   755 PM EDT


-  INDICATES NEGATIVE NUMBERS.
R  INDICATES RECORD WAS SET OR TIED.
MM INDICATES DATA IS MISSING.
T  INDICATES TRACE AMOUNT.

$$
