000
CDUS41 KBGM 180220
CLIBGM


CLIMATE REPORT
NATIONAL WEATHER SERVICE BINGHAMTON NY
1018 PM EDT FRI APR 17 2015


...................................

...THE BINGHAMTON NY CLIMATE SUMMARY FOR APRIL 17 2015...
VALID AS OF 1000 PM LOCAL TIME.

CLIMATE NORMAL PERIOD 1981 TO 2010
CLIMATE RECORD PERIOD 1951 TO 2015


WEATHER ITEM   OBSERVED TIME   RECORD YEAR NORMAL DEPARTURE LAST
                VALUE   (LST)  VALUE       VALUE  FROM      YEAR
                                                  NORMAL
..................................................................
TEMPERATURE (F)
 TODAY
  MAXIMUM         61    507 PM  86    2002  55      6       52
  MINIMUM         49    714 AM  22    1980  37     12       24
  AVERAGE         55                        46      9       38

PRECIPITATION (IN)
  TODAY            0.12          0.79 1982   0.12   0.00     0.00
  MONTH TO DATE    2.68                      2.00   0.68     1.67
  SINCE MAR 1      4.67                      4.99  -0.32     4.35
  SINCE JAN 1      8.61                      9.75  -1.14    10.04

SNOWFALL (IN)
  TODAY            0.0           3.0  1965   0.2   -0.2      0.0
  MONTH TO DATE    2.3                       3.2   -0.9      1.0
  SINCE MAR 1     17.1                      18.3   -1.2      2.9
  SINCE JUL 1     92.9                      82.2   10.7     85.4
  SNOW DEPTH       0

DEGREE DAYS
 HEATING
  TODAY           10                        19     -9       27
  MONTH TO DATE  352                       385    -33      354
  SINCE MAR 1   1522                      1382    140     1554
  SINCE JUL 1   7054                      6581    473     7025

 COOLING
  TODAY            0                         0      0        0
  MONTH TO DATE    0                         0      0        2
  SINCE MAR 1      0                         0      0        2
  SINCE JAN 1      0                         0      0        2
..................................................................


WIND (MPH)
  HIGHEST WIND SPEED    16   HIGHEST WIND DIRECTION    NW (330)
  HIGHEST GUST SPEED    20   HIGHEST GUST DIRECTION    NW (320)
  AVERAGE WIND SPEED     8.7


SKY COVER
  AVERAGE SKY COVER 0.8


WEATHER CONDITIONS
 THE FOLLOWING WEATHER WAS RECORDED TODAY.
  LIGHT RAIN
  FOG


RELATIVE HUMIDITY (PERCENT)
 HIGHEST   100           500 AM
 LOWEST     64           500 PM
 AVERAGE    82

..........................................................


THE BINGHAMTON NY CLIMATE NORMALS FOR TOMORROW
                         NORMAL    RECORD    YEAR
 MAXIMUM TEMPERATURE (F)   55        85      1976
 MINIMUM TEMPERATURE (F)   37        25      2001


SUNRISE AND SUNSET
APRIL 17 2015.........SUNRISE   620 AM EDT   SUNSET   747 PM EDT
APRIL 18 2015.........SUNRISE   619 AM EDT   SUNSET   748 PM EDT


-  INDICATES NEGATIVE NUMBERS.
R  INDICATES RECORD WAS SET OR TIED.
MM INDICATES DATA IS MISSING.
T  INDICATES TRACE AMOUNT.




$$
