000
CDUS41 KBGM 170607
CLIBGM


CLIMATE REPORT
NATIONAL WEATHER SERVICE BINGHAMTON NY
206 AM EDT FRI APR 17 2015


...................................

...THE BINGHAMTON NY CLIMATE SUMMARY FOR APRIL 16 2015...

CLIMATE NORMAL PERIOD 1981 TO 2010
CLIMATE RECORD PERIOD 1951 TO 2015


WEATHER ITEM   OBSERVED TIME   RECORD YEAR NORMAL DEPARTURE LAST
                VALUE   (LST)  VALUE       VALUE  FROM      YEAR
                                                  NORMAL
..................................................................
TEMPERATURE (F)
 YESTERDAY
  MAXIMUM         67    232 PM  85    2002  55     12       35
  MINIMUM         34    608 AM  19    2014  36     -2       19
  AVERAGE         51                        45      6       27

PRECIPITATION (IN)
  YESTERDAY        0.04          1.09 2011   0.11  -0.07      T
  MONTH TO DATE    2.56                      1.88   0.68     1.67
  SINCE MAR 1      4.55                      4.87  -0.32     4.35
  SINCE JAN 1      8.49                      9.63  -1.14    10.04

SNOWFALL (IN)
  YESTERDAY        0.0          11.7  2007   0.1   -0.1      0.1
  MONTH TO DATE    2.3                       3.0   -0.7      1.0
  SINCE MAR 1     17.1                      18.1   -1.0      2.9
  SINCE JUL 1     92.9                      82.0   10.9     85.4
  SNOW DEPTH       0

DEGREE DAYS
 HEATING
  YESTERDAY       14                        20     -6       38
  MONTH TO DATE  342                       366    -24      327
  SINCE MAR 1   1512                      1363    149     1527
  SINCE JUL 1   7044                      6562    482     6998

 COOLING
  YESTERDAY        0                         0      0        0
  MONTH TO DATE    0                         0      0        2
  SINCE MAR 1      0                         0      0        2
  SINCE JAN 1      0                         0      0        2
..................................................................


WIND (MPH)
  HIGHEST WIND SPEED    20   HIGHEST WIND DIRECTION     S (180)
  HIGHEST GUST SPEED    28   HIGHEST GUST DIRECTION     S (170)
  AVERAGE WIND SPEED     9.3


SKY COVER
  AVERAGE SKY COVER 0.2


WEATHER CONDITIONS
 THE FOLLOWING WEATHER WAS RECORDED YESTERDAY.
  LIGHT RAIN


RELATIVE HUMIDITY (PERCENT)
 HIGHEST    64           700 AM
 LOWEST     19           200 PM
 AVERAGE    42

..........................................................


THE BINGHAMTON NY CLIMATE NORMALS FOR TODAY
                         NORMAL    RECORD    YEAR
 MAXIMUM TEMPERATURE (F)   55        86      2002
 MINIMUM TEMPERATURE (F)   37        22      1980


SUNRISE AND SUNSET
APRIL 17 2015.........SUNRISE   620 AM EDT   SUNSET   747 PM EDT
APRIL 18 2015.........SUNRISE   619 AM EDT   SUNSET   748 PM EDT


-  INDICATES NEGATIVE NUMBERS.
R  INDICATES RECORD WAS SET OR TIED.
MM INDICATES DATA IS MISSING.
T  INDICATES TRACE AMOUNT.




$$
