000
CDUS41 KBGM 020556
CLIBGM


CLIMATE REPORT
NATIONAL WEATHER SERVICE BINGHAMTON NY
155 AM EDT SAT MAY 2 2015


...................................

...THE BINGHAMTON NY CLIMATE SUMMARY FOR MAY 1 2015...

CLIMATE NORMAL PERIOD 1981 TO 2010
CLIMATE RECORD PERIOD 1951 TO 2015


WEATHER ITEM   OBSERVED TIME   RECORD YEAR NORMAL DEPARTURE LAST
                VALUE   (LST)  VALUE       VALUE  FROM      YEAR
                                                  NORMAL
..................................................................
TEMPERATURE (F)
 YESTERDAY
  MAXIMUM         62   1227 PM  84    2010  61      1       66
  MINIMUM         47    723 AM  25    1978  41      6       45
  AVERAGE         55                        51      4       56

PRECIPITATION (IN)
  YESTERDAY        T             0.61 1953   0.11  -0.11     0.15
  MONTH TO DATE    T                         0.11  -0.11     0.15
  SINCE MAR 1      6.20                      6.53  -0.33     5.60
  SINCE JAN 1     10.14                     11.29  -1.15    11.29

SNOWFALL (IN)
  YESTERDAY        0.0           1.0  1963   0.0    0.0      0.0
  MONTH TO DATE    0.0                       0.0    0.0      0.0
  SINCE MAR 1     17.6                      19.4   -1.8      2.9
  SINCE JUL 1     93.4                      83.3   10.1     85.4
  SNOW DEPTH       0

DEGREE DAYS
 HEATING
  YESTERDAY       10                        14     -4        9
  MONTH TO DATE   10                        14     -4        9
  SINCE MAR 1   1783                      1614    169     1811
  SINCE JUL 1   7315                      6813    502     7282

 COOLING
  YESTERDAY        0                         0      0        0
  MONTH TO DATE    0                         0      0        0
  SINCE MAR 1      0                         4     -4        2
  SINCE JAN 1      0                         4     -4        2
..................................................................


WIND (MPH)
  HIGHEST WIND SPEED    14   HIGHEST WIND DIRECTION    NE (50)
  HIGHEST GUST SPEED    19   HIGHEST GUST DIRECTION    NE (50)
  AVERAGE WIND SPEED     5.3


SKY COVER
  AVERAGE SKY COVER 0.8


WEATHER CONDITIONS
 THE FOLLOWING WEATHER WAS RECORDED YESTERDAY.
  NO SIGNIFICANT WEATHER WAS OBSERVED.


RELATIVE HUMIDITY (PERCENT)
 HIGHEST    93           700 AM
 LOWEST     51           100 PM
 AVERAGE    72

..........................................................


THE BINGHAMTON NY CLIMATE NORMALS FOR TODAY
                         NORMAL    RECORD    YEAR
 MAXIMUM TEMPERATURE (F)   61        83      2001
 MINIMUM TEMPERATURE (F)   42        29      1974


SUNRISE AND SUNSET
MAY  2 2015...........SUNRISE   558 AM EDT   SUNSET   804 PM EDT
MAY  3 2015...........SUNRISE   557 AM EDT   SUNSET   805 PM EDT


-  INDICATES NEGATIVE NUMBERS.
R  INDICATES RECORD WAS SET OR TIED.
MM INDICATES DATA IS MISSING.
T  INDICATES TRACE AMOUNT.




$$
