000
CDUS41 KBGM 290551
CLIBGM


CLIMATE REPORT
NATIONAL WEATHER SERVICE BINGHAMTON NY
150 AM EDT WED APR 29 2015


...................................

...THE BINGHAMTON NY CLIMATE SUMMARY FOR APRIL 28 2015...

CLIMATE NORMAL PERIOD 1981 TO 2010
CLIMATE RECORD PERIOD 1951 TO 2015


WEATHER ITEM   OBSERVED TIME   RECORD YEAR NORMAL DEPARTURE LAST
                VALUE   (LST)  VALUE       VALUE  FROM      YEAR
                                                  NORMAL
..................................................................
TEMPERATURE (F)
 YESTERDAY
  MAXIMUM         61    319 PM  88    1990  60      1       58
  MINIMUM         39    510 AM  26    2012  40     -1       35
  AVERAGE         50                        50      0       47

PRECIPITATION (IN)
  YESTERDAY        T             1.16 1980   0.11  -0.11     0.00
  MONTH TO DATE    4.21                      3.20   1.01     2.14
  SINCE MAR 1      6.20                      6.19   0.01     4.82
  SINCE JAN 1     10.14                     10.95  -0.81    10.51

SNOWFALL (IN)
  YESTERDAY        0.0           0.2  1987   0.1   -0.1      0.0
  MONTH TO DATE    2.8                       4.2   -1.4      1.0
  SINCE MAR 1     17.6                      19.3   -1.7      2.9
  SINCE JUL 1     93.4                      83.2   10.2     85.4
  SNOW DEPTH       0

DEGREE DAYS
 HEATING
  YESTERDAY       15                        15      0       18
  MONTH TO DATE  584                       573     11      561
  SINCE MAR 1   1754                      1570    184     1761
  SINCE JUL 1   7286                      6769    517     7232

 COOLING
  YESTERDAY        0                         0      0        0
  MONTH TO DATE    0                         0      0        2
  SINCE MAR 1      0                         0      0        2
  SINCE JAN 1      0                         0      0        2
..................................................................


WIND (MPH)
  HIGHEST WIND SPEED    23   HIGHEST WIND DIRECTION     N (340)
  HIGHEST GUST SPEED    30   HIGHEST GUST DIRECTION     N (360)
  AVERAGE WIND SPEED    11.5


SKY COVER
  AVERAGE SKY COVER 0.4


WEATHER CONDITIONS
 THE FOLLOWING WEATHER WAS RECORDED YESTERDAY.
  NO SIGNIFICANT WEATHER WAS OBSERVED.


RELATIVE HUMIDITY (PERCENT)
 HIGHEST    92           500 AM
 LOWEST     46           300 PM
 AVERAGE    69

..........................................................


THE BINGHAMTON NY CLIMATE NORMALS FOR TODAY
                         NORMAL    RECORD    YEAR
 MAXIMUM TEMPERATURE (F)   60        83      1974
 MINIMUM TEMPERATURE (F)   41        25      1977


SUNRISE AND SUNSET
APRIL 29 2015.........SUNRISE   603 AM EDT   SUNSET   801 PM EDT
APRIL 30 2015.........SUNRISE   601 AM EDT   SUNSET   802 PM EDT


-  INDICATES NEGATIVE NUMBERS.
R  INDICATES RECORD WAS SET OR TIED.
MM INDICATES DATA IS MISSING.
T  INDICATES TRACE AMOUNT.




$$
