000
CDUS41 KBGM 140548
CLIBGM


CLIMATE REPORT
NATIONAL WEATHER SERVICE BINGHAMTON NY
148 AM EDT TUE APR 14 2015


...................................

...THE BINGHAMTON NY CLIMATE SUMMARY FOR APRIL 13 2015...

CLIMATE NORMAL PERIOD 1981 TO 2010
CLIMATE RECORD PERIOD 1951 TO 2015


WEATHER ITEM   OBSERVED TIME   RECORD YEAR NORMAL DEPARTURE LAST
                VALUE   (LST)  VALUE       VALUE  FROM      YEAR
                                                  NORMAL
..................................................................
TEMPERATURE (F)
 YESTERDAY
  MAXIMUM         74    348 PM  80    1977  53     21       79
  MINIMUM         43    536 AM  21    1992  35      8       53
  AVERAGE         59                        44     15       66

PRECIPITATION (IN)
  YESTERDAY        0.05          1.10 1996   0.12  -0.07      T
  MONTH TO DATE    2.35                      1.53   0.82     0.89
  SINCE MAR 1      4.34                      4.52  -0.18     3.57
  SINCE JAN 1      8.28                      9.28  -1.00     9.26

SNOWFALL (IN)
  YESTERDAY        0.0           2.5  1961   0.1   -0.1      0.0
  MONTH TO DATE    2.3                       2.6   -0.3       T
  SINCE MAR 1     17.1                      17.7   -0.6      1.9
  SINCE JUL 1     92.9                      81.6   11.3     84.4
  SNOW DEPTH       0

DEGREE DAYS
 HEATING
  YESTERDAY        6                        21    -15        0
  MONTH TO DATE  299                       305     -6      267
  SINCE MAR 1   1469                      1302    167     1467
  SINCE JUL 1   7001                      6501    500     6938

 COOLING
  YESTERDAY        0                         0      0        1
  MONTH TO DATE    0                         0      0        1
  SINCE MAR 1      0                         0      0        1
  SINCE JAN 1      0                         0      0        1
..................................................................


WIND (MPH)
  HIGHEST WIND SPEED    22   HIGHEST WIND DIRECTION     S (190)
  HIGHEST GUST SPEED    36   HIGHEST GUST DIRECTION    SW (220)
  AVERAGE WIND SPEED    11.2


SKY COVER
  AVERAGE SKY COVER 0.0


WEATHER CONDITIONS
 THE FOLLOWING WEATHER WAS RECORDED YESTERDAY.
  HEAVY RAIN
  RAIN
  LIGHT RAIN
  FOG


RELATIVE HUMIDITY (PERCENT)
 HIGHEST    60           900 PM
 LOWEST     31          1200 PM
 AVERAGE    46

..........................................................


THE BINGHAMTON NY CLIMATE NORMALS FOR TODAY
                         NORMAL    RECORD    YEAR
 MAXIMUM TEMPERATURE (F)   54        79      1968
 MINIMUM TEMPERATURE (F)   35        22      1957


SUNRISE AND SUNSET
APRIL 14 2015.........SUNRISE   625 AM EDT   SUNSET   744 PM EDT
APRIL 15 2015.........SUNRISE   624 AM EDT   SUNSET   745 PM EDT


-  INDICATES NEGATIVE NUMBERS.
R  INDICATES RECORD WAS SET OR TIED.
MM INDICATES DATA IS MISSING.
T  INDICATES TRACE AMOUNT.




$$
