000
CDUS41 KBGM 262133
CLIBGM


CLIMATE REPORT
NATIONAL WEATHER SERVICE BINGHAMTON NY
533 PM EDT SUN APR 26 2015


...................................

...THE BINGHAMTON NY CLIMATE SUMMARY FOR APRIL 26 2015...
VALID TODAY AS OF 0500 PM LOCAL TIME.

CLIMATE NORMAL PERIOD 1981 TO 2010
CLIMATE RECORD PERIOD 1951 TO 2015


WEATHER ITEM   OBSERVED TIME   RECORD YEAR NORMAL DEPARTURE LAST
                VALUE   (LST)  VALUE       VALUE  FROM      YEAR
                                                  NORMAL
..................................................................
TEMPERATURE (F)
 TODAY
  MAXIMUM         48   1219 PM  84    1962  59    -11       56
  MINIMUM         31    519 AM  26    1967  40     -9       39
  AVERAGE         40                        49     -9       48

PRECIPITATION (IN)
  TODAY            0.00          1.14 2011   0.11  -0.11     0.08
  MONTH TO DATE    4.20                      2.98   1.22     2.14
  SINCE MAR 1      6.19                      5.97   0.22     4.82
  SINCE JAN 1     10.13                     10.73  -0.60    10.51

SNOWFALL (IN)
  TODAY            0.0           0.6  1993   0.1   -0.1      0.0
  MONTH TO DATE    2.8                       4.1   -1.3      1.0
  SINCE MAR 1     17.6                      19.2   -1.6      2.9
  SINCE JUL 1     93.4                      83.1   10.3     85.4
  SNOW DEPTH       0

DEGREE DAYS
 HEATING
  TODAY           25                        16      9       17
  MONTH TO DATE  547                       542      5      521
  SINCE MAR 1   1717                      1539    178     1721
  SINCE JUL 1   7249                      6738    511     7192

 COOLING
  TODAY            0                         0      0        0
  MONTH TO DATE    0                         0      0        2
  SINCE MAR 1      0                         0      0        2
  SINCE JAN 1      0                         0      0        2
..................................................................


WIND (MPH)
  HIGHEST WIND SPEED    17   HIGHEST WIND DIRECTION     N (350)
  HIGHEST GUST SPEED    22   HIGHEST GUST DIRECTION     N (350)
  AVERAGE WIND SPEED     8.1


SKY COVER
  AVERAGE SKY COVER 0.5


WEATHER CONDITIONS
 THE FOLLOWING WEATHER WAS RECORDED TODAY.
  HAZE


RELATIVE HUMIDITY (PERCENT)
 HIGHEST    78           500 AM
 LOWEST     45          1100 AM
 AVERAGE    62

..........................................................


THE BINGHAMTON NY CLIMATE NORMALS FOR TOMORROW
                         NORMAL    RECORD    YEAR
 MAXIMUM TEMPERATURE (F)   59        89      2009
 MINIMUM TEMPERATURE (F)   40        28      2002
                                             1998
                                             1993


SUNRISE AND SUNSET
APRIL 26 2015.........SUNRISE   607 AM EDT   SUNSET   757 PM EDT
APRIL 27 2015.........SUNRISE   605 AM EDT   SUNSET   759 PM EDT


-  INDICATES NEGATIVE NUMBERS.
R  INDICATES RECORD WAS SET OR TIED.
MM INDICATES DATA IS MISSING.
T  INDICATES TRACE AMOUNT.




$$
