000
CXUS51 KBGM 051625 CCA
CLMBGM

CLIMATE REPORT
NATIONAL WEATHER SERVICE BINGHAMTON NY
1124 AM EST MON JAN 5 2015

...................................

...THE BINGHAMTON NY CLIMATE SUMMARY FOR THE MONTH OF DECEMBER 2014...

CLIMATE NORMAL PERIOD 1981 TO 2010
CLIMATE RECORD PERIOD 1951 TO 2014

WEATHER         OBSERVED          NORMAL  DEPART  LAST YEAR`S
                 VALUE   DATE(S)  VALUE   FROM    VALUE  DATE(S)
                                          NORMAL
................................................................
TEMPERATURE (F)
RECORD
 HIGH              65   12/01/2006
                        12/29/1984
                        12/06/1982
 LOW              -18   12/25/1980
HIGHEST            56   12/25        33      23       62  12/22
LOWEST             13   12/31        21      -8        4  12/25
AVG. MAXIMUM     35.0              33.3     1.7     34.0
AVG. MINIMUM     25.6              21.2     4.4     21.6
MEAN             30.3              27.3     3.0     27.8
DAYS MAX >= 90      0               0.0     0.0        0
DAYS MAX <= 32     13              14.2    -1.2       16
DAYS MIN <= 32     26              26.5    -0.5       27
DAYS MIN <= 0       0               0.7    -0.7        0

PRECIPITATION (INCHES)
RECORD
 MAXIMUM         6.11   1983
 MINIMUM         0.94   1960
TOTALS           3.30              2.83    0.47     3.44
DAILY AVG.       0.11              0.09    0.02     0.11
DAYS >= .01        19              15.5     3.5       21
DAYS >= .10        10               6.8     3.2        9
DAYS >= .50         2               1.6     0.4        2
DAYS >= 1.00        0               0.2    -0.2        0
GREATEST
 24 HR. TOTAL    0.86   12/05 TO 12/06

SNOWFALL (INCHES)
RECORDS
 TOTAL           59.6   1969
 24 HR TOTAL     15.6   12/25/1969 TO 12/26/1969
 SNOW DEPTH        33   12/28/1969
TOTALS           13.1              17.8    -4.7     24.9
SINCE 7/1        26.8              24.6     2.2     33.1
SNOWDEPTH AVG.      1                 3      -2        3
DAYS >= TRACE      19              13.4     5.6       25
DAYS >= 1.0         4               5.3    -1.3        8
GREATEST
 SNOW DEPTH         8   12/11                          7  12/19
                                                          12/18
                                                          12/17
 24 HR TOTAL      8.0   12/10 TO 12/11

DEGREE_DAYS
HEATING TOTAL    1069              1170    -101     1148
 SINCE 7/1       2604              2745    -141     2739
COOLING TOTAL       0                 0       0        0
 SINCE 1/1        341               381     -40      480
.................................................................

WIND (MPH)
AVERAGE WIND SPEED              9.2
RESULTANT WIND SPEED/DIRECTION   3/295
HIGHEST WIND SPEED/DIRECTION    30/240    DATE  12/25
HIGHEST GUST SPEED/DIRECTION    44/250    DATE  12/25

SKY COVER
POSSIBLE SUNSHINE (PERCENT)   MM
AVERAGE SKY COVER           0.80
NUMBER OF DAYS FAIR            2
NUMBER OF DAYS PC              8
NUMBER OF DAYS CLOUDY         21

AVERAGE RH (PERCENT)     83

WEATHER CONDITIONS. NUMBER OF DAYS WITH
THUNDERSTORM              0     MIXED PRECIP               0
HEAVY RAIN                0     RAIN                       4
LIGHT RAIN               13     FREEZING RAIN              1
LT FREEZING RAIN          4     HAIL                       0
HEAVY SNOW                1     SNOW                       3
LIGHT SNOW               19     SLEET                      0
FOG                      25     FOG W/VIS <= 1/4 MILE      8
HAZE                      3

-  INDICATES NEGATIVE NUMBERS.
R  INDICATES RECORD WAS SET OR TIED.
MM INDICATES DATA IS MISSING.
T  INDICATES TRACE AMOUNT.

&&
CORRECTED GREATEST 24 HOUR SNOWFALL
TEMPERATURES ON 12/01 WERE FROM DAVIS SYSTEM AT OFFICE ABOUT HALF A
MILE FROM ASOS.  ASOS TEMPERATURES NOT AVAILABLE ENTIRE DAY.
$$

TAC
