000
CXUS51 KBGM 010542
CLMBGM


CLIMATE REPORT
NATIONAL WEATHER SERVICE BINGHAMTON NY
140 AM EDT WED APR 1 2015

...................................

...THE BINGHAMTON NY CLIMATE SUMMARY FOR THE MONTH OF MARCH 2015...

CLIMATE NORMAL PERIOD 1981 TO 2010
CLIMATE RECORD PERIOD 1951 TO 2015

WEATHER         OBSERVED          NORMAL  DEPART  LAST YEAR`S
                 VALUE   DATE(S)  VALUE   FROM    VALUE  DATE(S)
                                          NORMAL
................................................................
TEMPERATURE (F)
RECORD
 HIGH              82   03/31/1998
                        03/30/1998
 LOW               -7   03/19/1993
HIGHEST            49   03/11        41       8       55  03/11
LOWEST             -3   03/06        25     -28       -3  03/04
AVG. MAXIMUM     34.3              41.1    -6.8     35.2
AVG. MINIMUM     19.5              24.6    -5.1     16.9
MEAN             26.9              32.8    -5.9     26.1
DAYS MAX >= 90      0               0.0     0.0        0
DAYS MAX <= 32     12               6.7     5.3       13
DAYS MIN <= 32     30              23.7     6.3       28
DAYS MIN <= 0       1               0.2     0.8        1

PRECIPITATION (INCHES)
RECORD
 MAXIMUM         6.33   2008
 MINIMUM         0.69   1981
TOTALS           1.99              2.99   -1.00     2.68
DAILY AVG.       0.06              0.10   -0.04     0.09
DAYS >= .01        18              14.6     3.4       12
DAYS >= .10         7               7.3    -0.3        4
DAYS >= .50         0               1.9    -1.9        2
DAYS >= 1.00        0               0.3    -0.3        1
GREATEST
 24 HR. TOTAL    0.39   03/26 TO 03/26

SNOWFALL (INCHES)
RECORDS
 TOTAL           46.5   2001
 24 HR TOTAL     19.1   03/13/1993 TO 03/14/1993
 SNOW DEPTH        35   03/15/1993
TOTALS           14.8              15.1    -0.3      1.9
SINCE 7/1        90.6              79.0    11.6     84.4
SNOWDEPTH AVG.     11                 4       7        2
DAYS >= TRACE      18              10.4     7.6       19
DAYS >= 1.0         4               3.8     0.2        0
GREATEST
 SNOW DEPTH        21   03/08                          7  03/01
                        03/04
 24 HR TOTAL      3.4   MM

DEGREE_DAYS
HEATING TOTAL    1170               997     173     1200
 SINCE 7/1       6702              6196     506     6671
COOLING TOTAL       0                 0       0        0
 SINCE 1/1          0                 0       0        0
.................................................................

WIND (MPH)
AVERAGE WIND SPEED              8.9
RESULTANT WIND SPEED/DIRECTION   4/290
HIGHEST WIND SPEED/DIRECTION    29/340    DATE  03/17
HIGHEST GUST SPEED/DIRECTION    41/350    DATE  03/17

SKY COVER
POSSIBLE SUNSHINE (PERCENT)   MM
AVERAGE SKY COVER           0.60
NUMBER OF DAYS FAIR            9
NUMBER OF DAYS PC              9
NUMBER OF DAYS CLOUDY         13

AVERAGE RH (PERCENT)     69

WEATHER CONDITIONS. NUMBER OF DAYS WITH
THUNDERSTORM              0     MIXED PRECIP               0
HEAVY RAIN                1     RAIN                       2
LIGHT RAIN                6     FREEZING RAIN              0
LT FREEZING RAIN          1     HAIL                       0
HEAVY SNOW                3     SNOW                       8
LIGHT SNOW               18     SLEET                      0
FOG                      23     FOG W/VIS <= 1/4 MILE      9
HAZE                      9

-  INDICATES NEGATIVE NUMBERS.
R  INDICATES RECORD WAS SET OR TIED.
MM INDICATES DATA IS MISSING.
T  INDICATES TRACE AMOUNT.

$$
