000
CDUS41 KBGM 152155
CLISYR


CLIMATE REPORT
NATIONAL WEATHER SERVICE BINGHAMTON NY
554 PM EDT WED APR 15 2015


...................................

...THE SYRACUSE NY CLIMATE SUMMARY FOR APRIL 15 2015...
VALID TODAY AS OF 0500 PM LOCAL TIME.

CLIMATE NORMAL PERIOD 1981 TO 2010
CLIMATE RECORD PERIOD 1902 TO 2015


WEATHER ITEM   OBSERVED TIME   RECORD YEAR NORMAL DEPARTURE LAST
                VALUE   (LST)  VALUE       VALUE  FROM      YEAR
                                                  NORMAL
..................................................................
TEMPERATURE (F)
 TODAY
  MAXIMUM         61   1246 PM  87    1994  57      4       64
  MINIMUM         37    558 AM  18    1926  37      0       27
  AVERAGE         49                        47      2       46

PRECIPITATION (IN)
  TODAY            0.00          1.05 1976   0.11  -0.11     0.58
  MONTH TO DATE    1.91                      1.68   0.23     2.60
  SINCE MAR 1      3.43                      4.63  -1.20     6.08
  SINCE JAN 1      7.31                      9.20  -1.89    11.63

SNOWFALL (IN)
  TODAY            0.0           0.7  2007   0.1   -0.1       T
  MONTH TO DATE    T                         2.7   -2.7      0.1
  SINCE MAR 1     12.3                      20.7   -8.4     21.8
  SINCE JUL 1    119.1                     122.6   -3.5    131.7
  SNOW DEPTH       0

DEGREE DAYS
 HEATING
  TODAY           16                        18     -2       19
  MONTH TO DATE  303                       319    -16      286
  SINCE MAR 1   1472                      1276    196     1497
  SINCE JUL 1   6696                      6107    589     6589

 COOLING
  TODAY            0                         0      0        0
  MONTH TO DATE    0                         0      0        1
  SINCE MAR 1      0                         0      0        1
  SINCE JAN 1      0                         0      0        1
..................................................................


WIND (MPH)
  HIGHEST WIND SPEED    21   HIGHEST WIND DIRECTION    NW (300)
  HIGHEST GUST SPEED    26   HIGHEST GUST DIRECTION    NW (320)
  AVERAGE WIND SPEED     8.9


SKY COVER
  POSSIBLE SUNSHINE  MM
  AVERAGE SKY COVER 0.3


WEATHER CONDITIONS
 THE FOLLOWING WEATHER WAS RECORDED TODAY.
  NO SIGNIFICANT WEATHER WAS OBSERVED.


RELATIVE HUMIDITY (PERCENT)
 HIGHEST    59           400 AM
 LOWEST     24           300 PM
 AVERAGE    42

..........................................................


THE SYRACUSE NY CLIMATE NORMALS FOR TOMORROW
                         NORMAL    RECORD    YEAR
 MAXIMUM TEMPERATURE (F)   58        90      2012
 MINIMUM TEMPERATURE (F)   37        22      2014


SUNRISE AND SUNSET
APRIL 15 2015.........SUNRISE   623 AM EDT   SUNSET   747 PM EDT
APRIL 16 2015.........SUNRISE   621 AM EDT   SUNSET   748 PM EDT


-  INDICATES NEGATIVE NUMBERS.
R  INDICATES RECORD WAS SET OR TIED.
MM INDICATES DATA IS MISSING.
T  INDICATES TRACE AMOUNT.

$$
