000
CDUS41 KBGM 230619
CLISYR


CLIMATE REPORT
NATIONAL WEATHER SERVICE BINGHAMTON NY
214 AM EDT THU APR 23 2015


...................................

...THE SYRACUSE NY CLIMATE SUMMARY FOR APRIL 22 2015...

CLIMATE NORMAL PERIOD 1981 TO 2010
CLIMATE RECORD PERIOD 1902 TO 2015


WEATHER ITEM   OBSERVED TIME   RECORD YEAR NORMAL DEPARTURE LAST
                VALUE   (LST)  VALUE       VALUE  FROM      YEAR
                                                  NORMAL
..................................................................
TEMPERATURE (F)
 YESTERDAY
  MAXIMUM         51    221 PM  85    1954  60     -9       63
  MINIMUM         36   1150 PM  25    1984  39     -3       45
                                      1983
                                      1978
  AVERAGE         44                        50     -6       54

PRECIPITATION (IN)
  YESTERDAY        0.01          1.26 2006   0.10  -0.09     0.13
  MONTH TO DATE    2.72                      2.39   0.33     2.75
  SINCE MAR 1      4.24                      5.34  -1.10     6.23
  SINCE JAN 1      8.12                      9.91  -1.79    11.78

SNOWFALL (IN)
  YESTERDAY        0.0           6.2  1993   0.1   -0.1      0.0
  MONTH TO DATE    T                         3.4   -3.4      0.4
  SINCE MAR 1     12.3                      21.4   -9.1     22.1
  SINCE JUL 1    119.1                     123.3   -4.2    132.0
  SNOW DEPTH       0

DEGREE DAYS
 HEATING
  YESTERDAY       21                        16      5       11
  MONTH TO DATE  395                       436    -41      414
  SINCE MAR 1   1564                      1393    171     1625
  SINCE JUL 1   6788                      6224    564     6717

 COOLING
  YESTERDAY        0                         0      0        0
  MONTH TO DATE    0                         0      0        1
  SINCE MAR 1      0                         0      0        1
  SINCE JAN 1      0                         0      0        1
..................................................................


WIND (MPH)
  HIGHEST WIND SPEED    26   HIGHEST WIND DIRECTION     W (280)
  HIGHEST GUST SPEED    36   HIGHEST GUST DIRECTION     W (280)
  AVERAGE WIND SPEED    10.4


SKY COVER
  POSSIBLE SUNSHINE  MM
  AVERAGE SKY COVER 0.9


WEATHER CONDITIONS
 THE FOLLOWING WEATHER WAS RECORDED YESTERDAY.
  LIGHT RAIN
  FOG


RELATIVE HUMIDITY (PERCENT)
 HIGHEST    85           200 AM
 LOWEST     53           700 PM
 AVERAGE    69

..........................................................


THE SYRACUSE NY CLIMATE NORMALS FOR TODAY
                         NORMAL    RECORD    YEAR
 MAXIMUM TEMPERATURE (F)   61        88      2001
 MINIMUM TEMPERATURE (F)   39        20      1930


SUNRISE AND SUNSET
APRIL 23 2015.........SUNRISE   610 AM EDT   SUNSET   756 PM EDT
APRIL 24 2015.........SUNRISE   609 AM EDT   SUNSET   757 PM EDT


-  INDICATES NEGATIVE NUMBERS.
R  INDICATES RECORD WAS SET OR TIED.
MM INDICATES DATA IS MISSING.
T  INDICATES TRACE AMOUNT.

$$
