000
CDUS41 KBGM 300237
CLISYR


CLIMATE REPORT
NATIONAL WEATHER SERVICE BINGHAMTON NY
1037 PM EDT WED APR 29 2015


...................................

...THE SYRACUSE NY CLIMATE SUMMARY FOR APRIL 29 2015...
VALID AS OF 1000 PM LOCAL TIME.

CLIMATE NORMAL PERIOD 1981 TO 2010
CLIMATE RECORD PERIOD 1902 TO 2015


WEATHER ITEM   OBSERVED TIME   RECORD YEAR NORMAL DEPARTURE LAST
                VALUE   (LST)  VALUE       VALUE  FROM      YEAR
                                                  NORMAL
..................................................................
TEMPERATURE (F)
 TODAY
  MAXIMUM         69    417 PM  85    1962  63      6       55
  MINIMUM         44    505 AM  27    1977  41      3       45
                                      1949
  AVERAGE         57                        52      5       50

PRECIPITATION (IN)
  TODAY            0.00          0.86 1962   0.11  -0.11     0.43
  MONTH TO DATE    2.79                      3.09  -0.30     3.63
  SINCE MAR 1      4.31                      6.04  -1.73     7.11
  SINCE JAN 1      8.19                     10.61  -2.42    12.66

SNOWFALL (IN)
  TODAY            0.0           T    2002   0.1   -0.1      0.0
  MONTH TO DATE    0.6                       3.8   -3.2      0.4
  SINCE MAR 1     12.9                      21.8   -8.9     22.1
  SINCE JUL 1    119.7                     123.7   -4.0    132.0
  SNOW DEPTH       0

DEGREE DAYS
 HEATING
  TODAY            8                        13     -5       15
  MONTH TO DATE  540                       534      6      543
  SINCE MAR 1   1709                      1491    218     1754
  SINCE JUL 1   6933                      6322    611     6846

 COOLING
  TODAY            0                         0      0        0
  MONTH TO DATE    0                         0      0        1
  SINCE MAR 1      0                         0      0        1
  SINCE JAN 1      0                         0      0        1
..................................................................


WIND (MPH)
  HIGHEST WIND SPEED    17   HIGHEST WIND DIRECTION    NW (330)
  HIGHEST GUST SPEED    22   HIGHEST GUST DIRECTION    NW (330)
  AVERAGE WIND SPEED     8.4


SKY COVER
  POSSIBLE SUNSHINE  MM
  AVERAGE SKY COVER 0.4


WEATHER CONDITIONS
 THE FOLLOWING WEATHER WAS RECORDED TODAY.
  NO SIGNIFICANT WEATHER WAS OBSERVED.


RELATIVE HUMIDITY (PERCENT)
 HIGHEST    83           400 AM
 LOWEST     31           200 PM
 AVERAGE    57

..........................................................


THE SYRACUSE NY CLIMATE NORMALS FOR TOMORROW
                         NORMAL    RECORD    YEAR
 MAXIMUM TEMPERATURE (F)   64        85      1970
 MINIMUM TEMPERATURE (F)   42        27      1978


SUNRISE AND SUNSET
APRIL 29 2015.........SUNRISE   601 AM EDT   SUNSET   803 PM EDT
APRIL 30 2015.........SUNRISE   600 AM EDT   SUNSET   804 PM EDT


-  INDICATES NEGATIVE NUMBERS.
R  INDICATES RECORD WAS SET OR TIED.
MM INDICATES DATA IS MISSING.
T  INDICATES TRACE AMOUNT.




$$
