000
CDUS41 KBGM 240232
CLISYR


CLIMATE REPORT
NATIONAL WEATHER SERVICE BINGHAMTON NY
1032 PM EDT THU APR 23 2015


...................................

...THE SYRACUSE NY CLIMATE SUMMARY FOR APRIL 23 2015...
VALID AS OF 1000 PM LOCAL TIME.

CLIMATE NORMAL PERIOD 1981 TO 2010
CLIMATE RECORD PERIOD 1902 TO 2015


WEATHER ITEM   OBSERVED TIME   RECORD YEAR NORMAL DEPARTURE LAST
                VALUE   (LST)  VALUE       VALUE  FROM      YEAR
                                                  NORMAL
..................................................................
TEMPERATURE (F)
 TODAY
  MAXIMUM         38    154 PM  88    2001  61    -23       45
  MINIMUM         31    925 AM  20    1930  39     -8       38
  AVERAGE         35                        50    -15       42

PRECIPITATION (IN)
  TODAY            0.06          1.32 1907   0.09  -0.03     0.11
  MONTH TO DATE    2.78                      2.48   0.30     2.86
  SINCE MAR 1      4.30                      5.43  -1.13     6.34
  SINCE JAN 1      8.18                     10.00  -1.82    11.89

SNOWFALL (IN)
  TODAY            0.5           1.5  1993   0.1    0.4      0.0
  MONTH TO DATE    0.5                       3.5   -3.0      0.4
  SINCE MAR 1     12.8                      21.5   -8.7     22.1
  SINCE JUL 1    119.6                     123.4   -3.8    132.0
  SNOW DEPTH       0

DEGREE DAYS
 HEATING
  TODAY           30                        15     15       23
  MONTH TO DATE  425                       451    -26      437
  SINCE MAR 1   1594                      1408    186     1648
  SINCE JUL 1   6818                      6239    579     6740

 COOLING
  TODAY            0                         0      0        0
  MONTH TO DATE    0                         0      0        1
  SINCE MAR 1      0                         0      0        1
  SINCE JAN 1      0                         0      0        1
..................................................................


WIND (MPH)
  HIGHEST WIND SPEED    24   HIGHEST WIND DIRECTION     W (290)
  HIGHEST GUST SPEED    34   HIGHEST GUST DIRECTION     W (280)
  AVERAGE WIND SPEED    14.2


SKY COVER
  POSSIBLE SUNSHINE  MM
  AVERAGE SKY COVER 0.8


WEATHER CONDITIONS
 THE FOLLOWING WEATHER WAS RECORDED TODAY.
  LIGHT RAIN
  LIGHT SNOW
  FOG
  HAZE


RELATIVE HUMIDITY (PERCENT)
 HIGHEST    89           300 AM
 LOWEST     64           700 PM
 AVERAGE    77

..........................................................


THE SYRACUSE NY CLIMATE NORMALS FOR TOMORROW
                         NORMAL    RECORD    YEAR
 MAXIMUM TEMPERATURE (F)   61        81      1960
 MINIMUM TEMPERATURE (F)   40        23      1919


SUNRISE AND SUNSET
APRIL 23 2015.........SUNRISE   610 AM EDT   SUNSET   756 PM EDT
APRIL 24 2015.........SUNRISE   609 AM EDT   SUNSET   757 PM EDT


-  INDICATES NEGATIVE NUMBERS.
R  INDICATES RECORD WAS SET OR TIED.
MM INDICATES DATA IS MISSING.
T  INDICATES TRACE AMOUNT.




$$
