000
CDUS41 KBGM 142119
CLISYR


CLIMATE REPORT
NATIONAL WEATHER SERVICE BINGHAMTON NY
517 PM EDT TUE APR 14 2015


...................................

...THE SYRACUSE NY CLIMATE SUMMARY FOR APRIL 14 2015...
VALID TODAY AS OF 0500 PM LOCAL TIME.

CLIMATE NORMAL PERIOD 1981 TO 2010
CLIMATE RECORD PERIOD 1902 TO 2015


WEATHER ITEM   OBSERVED TIME   RECORD YEAR NORMAL DEPARTURE LAST
                VALUE   (LST)  VALUE       VALUE  FROM      YEAR
                                                  NORMAL
..................................................................
TEMPERATURE (F)
 TODAY
  MAXIMUM         64    109 PM  83    1968  57      7       79
  MINIMUM         39    605 AM  22    1943  36      3       53
  AVERAGE         52                        46      6       66

PRECIPITATION (IN)
  TODAY            0.02          0.65 1948   0.11  -0.09     0.34
  MONTH TO DATE    1.91                      1.57   0.34     2.02
  SINCE MAR 1      3.43                      4.52  -1.09     5.50
  SINCE JAN 1      7.31                      9.09  -1.78    11.05

SNOWFALL (IN)
  TODAY            0.0           2.0  1957   0.1   -0.1      0.0
  MONTH TO DATE    T                         2.6   -2.6      0.1
  SINCE MAR 1     12.3                      20.6   -8.3     21.8
  SINCE JUL 1    119.1                     122.5   -3.4    131.7
  SNOW DEPTH       0

DEGREE DAYS
 HEATING
  TODAY           13                        19     -6        0
  MONTH TO DATE  287                       301    -14      267
  SINCE MAR 1   1456                      1258    198     1478
  SINCE JUL 1   6680                      6089    591     6570

 COOLING
  TODAY            0                         0      0        1
  MONTH TO DATE    0                         0      0        1
  SINCE MAR 1      0                         0      0        1
  SINCE JAN 1      0                         0      0        1
..................................................................


WIND (MPH)
  HIGHEST WIND SPEED    21   HIGHEST WIND DIRECTION    NW (300)
  HIGHEST GUST SPEED    25   HIGHEST GUST DIRECTION     W (290)
  AVERAGE WIND SPEED     7.8


SKY COVER
  POSSIBLE SUNSHINE  MM
  AVERAGE SKY COVER 0.6


WEATHER CONDITIONS
 THE FOLLOWING WEATHER WAS RECORDED TODAY.
  LIGHT RAIN
  FOG


RELATIVE HUMIDITY (PERCENT)
 HIGHEST    92           500 AM
 LOWEST     23           300 PM
 AVERAGE    58

..........................................................


THE SYRACUSE NY CLIMATE NORMALS FOR TOMORROW
                         NORMAL    RECORD    YEAR
 MAXIMUM TEMPERATURE (F)   57        87      1994
 MINIMUM TEMPERATURE (F)   37        18      1926


SUNRISE AND SUNSET
APRIL 14 2015.........SUNRISE   625 AM EDT   SUNSET   746 PM EDT
APRIL 15 2015.........SUNRISE   623 AM EDT   SUNSET   747 PM EDT


-  INDICATES NEGATIVE NUMBERS.
R  INDICATES RECORD WAS SET OR TIED.
MM INDICATES DATA IS MISSING.
T  INDICATES TRACE AMOUNT.

$$
