000
CDUS41 KBGM 010547
CLISYR


CLIMATE REPORT
NATIONAL WEATHER SERVICE BINGHAMTON NY
147 AM EDT FRI MAY 1 2015


...................................

...THE SYRACUSE NY CLIMATE SUMMARY FOR APRIL 30 2015...

CLIMATE NORMAL PERIOD 1981 TO 2010
CLIMATE RECORD PERIOD 1902 TO 2015


WEATHER ITEM   OBSERVED TIME   RECORD YEAR NORMAL DEPARTURE LAST
                VALUE   (LST)  VALUE       VALUE  FROM      YEAR
                                                  NORMAL
..................................................................
TEMPERATURE (F)
 YESTERDAY
  MAXIMUM         71    217 PM  85    1970  64      7       51
  MINIMUM         41    516 AM  27    1978  42     -1       41
  AVERAGE         56                        53      3       46

PRECIPITATION (IN)
  YESTERDAY        0.00          1.01 2014   0.10  -0.10     1.01
  MONTH TO DATE    2.79                      3.19  -0.40     4.64
  SINCE MAR 1      4.31                      6.14  -1.83     8.12
  SINCE JAN 1      8.19                     10.71  -2.52    13.67

SNOWFALL (IN)
  YESTERDAY        0.0           T    2008   0.0    0.0      0.0
                                      1987
  MONTH TO DATE    0.6                       3.8   -3.2      0.4
  SINCE MAR 1     12.9                      21.8   -8.9     22.1
  SINCE JUL 1    119.7                     123.7   -4.0    132.0
  SNOW DEPTH       0

DEGREE DAYS
 HEATING
  YESTERDAY        9                        13     -4       19
  MONTH TO DATE  549                       547      2      562
  SINCE MAR 1   1718                      1504    214     1773
  SINCE JUL 1   6942                      6335    607     6865

 COOLING
  YESTERDAY        0                         0      0        0
  MONTH TO DATE    0                         4     -4        1
  SINCE MAR 1      0                         4     -4        1
  SINCE JAN 1      0                         4     -4        1
..................................................................


WIND (MPH)
  HIGHEST WIND SPEED    18   HIGHEST WIND DIRECTION     N (340)
  HIGHEST GUST SPEED    23   HIGHEST GUST DIRECTION     N (350)
  AVERAGE WIND SPEED     6.8


SKY COVER
  POSSIBLE SUNSHINE  MM
  AVERAGE SKY COVER 0.6


WEATHER CONDITIONS
 THE FOLLOWING WEATHER WAS RECORDED YESTERDAY.
  NO SIGNIFICANT WEATHER WAS OBSERVED.


RELATIVE HUMIDITY (PERCENT)
 HIGHEST    89           300 AM
 LOWEST     33           100 PM
 AVERAGE    61

..........................................................


THE SYRACUSE NY CLIMATE NORMALS FOR TODAY
                         NORMAL    RECORD    YEAR
 MAXIMUM TEMPERATURE (F)   64        87      1936
 MINIMUM TEMPERATURE (F)   42        27      1978


SUNRISE AND SUNSET
MAY  1 2015...........SUNRISE   558 AM EDT   SUNSET   805 PM EDT
MAY  2 2015...........SUNRISE   557 AM EDT   SUNSET   807 PM EDT


-  INDICATES NEGATIVE NUMBERS.
R  INDICATES RECORD WAS SET OR TIED.
MM INDICATES DATA IS MISSING.
T  INDICATES TRACE AMOUNT.




$$
