000
CDUS41 KBGM 122149
CLISYR


CLIMATE REPORT
NATIONAL WEATHER SERVICE BINGHAMTON NY
548 PM EDT SUN APR 12 2015


...................................

...THE SYRACUSE NY CLIMATE SUMMARY FOR APRIL 12 2015...
VALID TODAY AS OF 0500 PM LOCAL TIME.

CLIMATE NORMAL PERIOD 1981 TO 2010
CLIMATE RECORD PERIOD 1902 TO 2015


WEATHER ITEM   OBSERVED TIME   RECORD YEAR NORMAL DEPARTURE LAST
                VALUE   (LST)  VALUE       VALUE  FROM      YEAR
                                                  NORMAL
..................................................................
TEMPERATURE (F)
 TODAY
  MAXIMUM         67    358 PM  83    1945  56     11       67
  MINIMUM         31    555 AM  19    1976  36     -5       34
                                      1967
  AVERAGE         49                        46      3       51

PRECIPITATION (IN)
  TODAY            0.00          1.29 1965   0.12  -0.12     0.00
  MONTH TO DATE    1.67                      1.35   0.32     1.63
  SINCE MAR 1      3.19                      4.30  -1.11     5.11
  SINCE JAN 1      7.07                      8.87  -1.80    10.66

SNOWFALL (IN)
  TODAY            0.0           3.1  1993   0.1   -0.1      0.0
  MONTH TO DATE    T                         2.3   -2.3      0.1
  SINCE MAR 1     12.3                      20.3   -8.0     21.8
  SINCE JUL 1    119.1                     122.2   -3.1    131.7
  SNOW DEPTH       0

DEGREE DAYS
 HEATING
  TODAY           16                        20     -4       14
  MONTH TO DATE  268                       263      5      267
  SINCE MAR 1   1437                      1220    217     1478
  SINCE JUL 1   6661                      6051    610     6570

 COOLING
  TODAY            0                         0      0        0
  MONTH TO DATE    0                         0      0        0
  SINCE MAR 1      0                         0      0        0
  SINCE JAN 1      0                         0      0        0
..................................................................


WIND (MPH)
  HIGHEST WIND SPEED    13   HIGHEST WIND DIRECTION    SW (240)
  HIGHEST GUST SPEED    16   HIGHEST GUST DIRECTION     W (260)
  AVERAGE WIND SPEED     5.3


SKY COVER
  POSSIBLE SUNSHINE  MM
  AVERAGE SKY COVER 0.1


WEATHER CONDITIONS
 THE FOLLOWING WEATHER WAS RECORDED TODAY.
  NO SIGNIFICANT WEATHER WAS OBSERVED.


RELATIVE HUMIDITY (PERCENT)
 HIGHEST    92           600 AM
 LOWEST     24           400 PM
 AVERAGE    58

..........................................................


THE SYRACUSE NY CLIMATE NORMALS FOR TOMORROW
                         NORMAL    RECORD    YEAR
 MAXIMUM TEMPERATURE (F)   56        85      1945
 MINIMUM TEMPERATURE (F)   36        21      1940
                                             1914


SUNRISE AND SUNSET
APRIL 12 2015.........SUNRISE   628 AM EDT   SUNSET   743 PM EDT
APRIL 13 2015.........SUNRISE   626 AM EDT   SUNSET   745 PM EDT


-  INDICATES NEGATIVE NUMBERS.
R  INDICATES RECORD WAS SET OR TIED.
MM INDICATES DATA IS MISSING.
T  INDICATES TRACE AMOUNT.




$$
