000
CDUS41 KBGM 270651
CLISYR


CLIMATE REPORT
NATIONAL WEATHER SERVICE BINGHAMTON NY
251 AM EDT MON APR 27 2015


...................................

...THE SYRACUSE NY CLIMATE SUMMARY FOR APRIL 26 2015...

CLIMATE NORMAL PERIOD 1981 TO 2010
CLIMATE RECORD PERIOD 1902 TO 2015


WEATHER ITEM   OBSERVED TIME   RECORD YEAR NORMAL DEPARTURE LAST
                VALUE   (LST)  VALUE       VALUE  FROM      YEAR
                                                  NORMAL
..................................................................
TEMPERATURE (F)
 YESTERDAY
  MAXIMUM         54    115 PM  87    1990  62     -8       52
  MINIMUM         33    313 AM  21    1919  40     -7       41
  AVERAGE         44                        51     -7       47

PRECIPITATION (IN)
  YESTERDAY        T             1.83 2011   0.10  -0.10     0.11
  MONTH TO DATE    2.79                      2.78   0.01     3.19
  SINCE MAR 1      4.31                      5.73  -1.42     6.67
  SINCE JAN 1      8.19                     10.30  -2.11    12.22

SNOWFALL (IN)
  YESTERDAY        0.0           0.5  1976   0.0    0.0      0.0
  MONTH TO DATE    0.6                       3.6   -3.0      0.4
  SINCE MAR 1     12.9                      21.6   -8.7     22.1
  SINCE JUL 1    119.7                     123.5   -3.8    132.0
  SNOW DEPTH       0

DEGREE DAYS
 HEATING
  YESTERDAY       21                        14      7       18
  MONTH TO DATE  501                       494      7      492
  SINCE MAR 1   1670                      1451    219     1703
  SINCE JUL 1   6894                      6282    612     6795

 COOLING
  YESTERDAY        0                         0      0        0
  MONTH TO DATE    0                         0      0        1
  SINCE MAR 1      0                         0      0        1
  SINCE JAN 1      0                         0      0        1
..................................................................


WIND (MPH)
  HIGHEST WIND SPEED    18   HIGHEST WIND DIRECTION    NW (310)
  HIGHEST GUST SPEED    23   HIGHEST GUST DIRECTION    NW (330)
  AVERAGE WIND SPEED     7.0


SKY COVER
  POSSIBLE SUNSHINE  MM
  AVERAGE SKY COVER 0.8


WEATHER CONDITIONS
 THE FOLLOWING WEATHER WAS RECORDED YESTERDAY.
  LIGHT RAIN


RELATIVE HUMIDITY (PERCENT)
 HIGHEST    76           600 AM
 LOWEST     44           200 PM
 AVERAGE    60

..........................................................


THE SYRACUSE NY CLIMATE NORMALS FOR TODAY
                         NORMAL    RECORD    YEAR
 MAXIMUM TEMPERATURE (F)   62        91      2009
 MINIMUM TEMPERATURE (F)   41        28      1993
                                             1972
                                             1966


SUNRISE AND SUNSET
APRIL 27 2015.........SUNRISE   604 AM EDT   SUNSET   801 PM EDT
APRIL 28 2015.........SUNRISE   603 AM EDT   SUNSET   802 PM EDT


-  INDICATES NEGATIVE NUMBERS.
R  INDICATES RECORD WAS SET OR TIED.
MM INDICATES DATA IS MISSING.
T  INDICATES TRACE AMOUNT.




$$
