000
CDUS41 KBGM 102122
CLISYR


CLIMATE REPORT
NATIONAL WEATHER SERVICE BINGHAMTON NY
521 PM EDT FRI APR 10 2015


...................................

...THE SYRACUSE NY CLIMATE SUMMARY FOR APRIL 10 2015...
VALID TODAY AS OF 0500 PM LOCAL TIME.

CLIMATE NORMAL PERIOD 1981 TO 2010
CLIMATE RECORD PERIOD 1902 TO 2015


WEATHER ITEM   OBSERVED TIME   RECORD YEAR NORMAL DEPARTURE LAST
                VALUE   (LST)  VALUE       VALUE  FROM      YEAR
                                                  NORMAL
..................................................................
TEMPERATURE (F)
 TODAY
  MAXIMUM         58    153 PM  82    1945  55      3       69
  MINIMUM         43   1220 AM  18    1995  35      8       30
  AVERAGE         51                        45      6       50

PRECIPITATION (IN)
  TODAY            0.10          1.51 1993   0.11  -0.01      T
  MONTH TO DATE    1.67                      1.12   0.55     1.56
  SINCE MAR 1      3.19                      4.07  -0.88     5.04
  SINCE JAN 1      7.07                      8.64  -1.57    10.59

SNOWFALL (IN)
  TODAY            0.0           3.9  1973   0.2   -0.2      0.0
  MONTH TO DATE    T                         2.0   -2.0      0.1
  SINCE MAR 1     12.3                      20.0   -7.7     21.8
  SINCE JUL 1    119.1                     121.9   -2.8    131.7
  SNOW DEPTH       0

DEGREE DAYS
 HEATING
  TODAY           14                        20     -6       15
  MONTH TO DATE  229                       223      6      238
  SINCE MAR 1   1398                      1180    218     1449
  SINCE JUL 1   6622                      6011    611     6541

 COOLING
  TODAY            0                         0      0        0
  MONTH TO DATE    0                         0      0        0
  SINCE MAR 1      0                         0      0        0
  SINCE JAN 1      0                         0      0        0
..................................................................


WIND (MPH)
  HIGHEST WIND SPEED    26   HIGHEST WIND DIRECTION     S (170)
  HIGHEST GUST SPEED    37   HIGHEST GUST DIRECTION     S (190)
  AVERAGE WIND SPEED    14.1


SKY COVER
  POSSIBLE SUNSHINE  MM
  AVERAGE SKY COVER 0.9


WEATHER CONDITIONS
 THE FOLLOWING WEATHER WAS RECORDED TODAY.
  THUNDERSTORM
  RAIN
  LIGHT RAIN
  FOG


RELATIVE HUMIDITY (PERCENT)
 HIGHEST    83           100 AM
 LOWEST     72           900 AM
 AVERAGE    78

..........................................................


THE SYRACUSE NY CLIMATE NORMALS FOR TOMORROW
                         NORMAL    RECORD    YEAR
 MAXIMUM TEMPERATURE (F)   55        85      2011
 MINIMUM TEMPERATURE (F)   35        19      1909


SUNRISE AND SUNSET
APRIL 10 2015.........SUNRISE   631 AM EDT   SUNSET   741 PM EDT
APRIL 11 2015.........SUNRISE   630 AM EDT   SUNSET   742 PM EDT


-  INDICATES NEGATIVE NUMBERS.
R  INDICATES RECORD WAS SET OR TIED.
MM INDICATES DATA IS MISSING.
T  INDICATES TRACE AMOUNT.




$$
