000
CDUS41 KBGM 282130
CLISYR


CLIMATE REPORT
NATIONAL WEATHER SERVICE BINGHAMTON NY
529 PM EDT TUE APR 28 2015


...................................

...THE SYRACUSE NY CLIMATE SUMMARY FOR APRIL 28 2015...
VALID TODAY AS OF 0500 PM LOCAL TIME.

CLIMATE NORMAL PERIOD 1981 TO 2010
CLIMATE RECORD PERIOD 1902 TO 2015


WEATHER ITEM   OBSERVED TIME   RECORD YEAR NORMAL DEPARTURE LAST
                VALUE   (LST)  VALUE       VALUE  FROM      YEAR
                                                  NORMAL
..................................................................
TEMPERATURE (F)
 TODAY
  MAXIMUM         63    359 PM  92    1990  63      0       62
  MINIMUM         40    506 AM  24    1947  41     -1       33
  AVERAGE         52                        52      0       48

PRECIPITATION (IN)
  TODAY            0.00          1.10 1928   0.10  -0.10      T
  MONTH TO DATE    2.79                      2.98  -0.19     3.20
  SINCE MAR 1      4.31                      5.93  -1.62     6.68
  SINCE JAN 1      8.19                     10.50  -2.31    12.23

SNOWFALL (IN)
  TODAY            0.0           T    2010   0.0    0.0      0.0
                                      2004
                                      1987
  MONTH TO DATE    0.6                       3.7   -3.1      0.4
  SINCE MAR 1     12.9                      21.7   -8.8     22.1
  SINCE JUL 1    119.7                     123.6   -3.9    132.0
  SNOW DEPTH       0

DEGREE DAYS
 HEATING
  TODAY           13                        13      0       17
  MONTH TO DATE  532                       521     11      528
  SINCE MAR 1   1701                      1478    223     1739
  SINCE JUL 1   6925                      6309    616     6831

 COOLING
  TODAY            0                         0      0        0
  MONTH TO DATE    0                         0      0        1
  SINCE MAR 1      0                         0      0        1
  SINCE JAN 1      0                         0      0        1
..................................................................


WIND (MPH)
  HIGHEST WIND SPEED    20   HIGHEST WIND DIRECTION    NW (310)
  HIGHEST GUST SPEED    26   HIGHEST GUST DIRECTION     W (290)
  AVERAGE WIND SPEED    10.5


SKY COVER
  POSSIBLE SUNSHINE  MM
  AVERAGE SKY COVER 0.6


WEATHER CONDITIONS
 THE FOLLOWING WEATHER WAS RECORDED TODAY.
  NO SIGNIFICANT WEATHER WAS OBSERVED.


RELATIVE HUMIDITY (PERCENT)
 HIGHEST    86           500 AM
 LOWEST     46           300 PM
 AVERAGE    66

..........................................................


THE SYRACUSE NY CLIMATE NORMALS FOR TOMORROW
                         NORMAL    RECORD    YEAR
 MAXIMUM TEMPERATURE (F)   63        85      1962
 MINIMUM TEMPERATURE (F)   41        27      1977
                                             1949


SUNRISE AND SUNSET
APRIL 28 2015.........SUNRISE   603 AM EDT   SUNSET   802 PM EDT
APRIL 29 2015.........SUNRISE   601 AM EDT   SUNSET   803 PM EDT


-  INDICATES NEGATIVE NUMBERS.
R  INDICATES RECORD WAS SET OR TIED.
MM INDICATES DATA IS MISSING.
T  INDICATES TRACE AMOUNT.




$$
