000
CDUS41 KBGM 132124
CLISYR


CLIMATE REPORT
NATIONAL WEATHER SERVICE BINGHAMTON NY
520 PM EDT MON APR 13 2015


...................................

...THE SYRACUSE NY CLIMATE SUMMARY FOR APRIL 13 2015...
VALID TODAY AS OF 0500 PM LOCAL TIME.

CLIMATE NORMAL PERIOD 1981 TO 2010
CLIMATE RECORD PERIOD 1902 TO 2015


WEATHER ITEM   OBSERVED TIME   RECORD YEAR NORMAL DEPARTURE LAST
                VALUE   (LST)  VALUE       VALUE  FROM      YEAR
                                                  NORMAL
..................................................................
TEMPERATURE (F)
 TODAY
  MAXIMUM         81    338 PM  85    1945  56     25       83
  MINIMUM         37    402 AM  21    1940  36      1       46
                                      1914
  AVERAGE         59                        46     13       65

PRECIPITATION (IN)
  TODAY            0.00          1.42 2004   0.11  -0.11     0.05
  MONTH TO DATE    1.67                      1.46   0.21     1.68
  SINCE MAR 1      3.19                      4.41  -1.22     5.16
  SINCE JAN 1      7.07                      8.98  -1.91    10.71

SNOWFALL (IN)
  TODAY            0.0           4.1  1961   0.2   -0.2      0.0
  MONTH TO DATE    T                         2.5   -2.5      0.1
  SINCE MAR 1     12.3                      20.5   -8.2     21.8
  SINCE JUL 1    119.1                     122.4   -3.3    131.7
  SNOW DEPTH       0

DEGREE DAYS
 HEATING
  TODAY            6                        19    -13        0
  MONTH TO DATE  274                       282     -8      267
  SINCE MAR 1   1443                      1239    204     1478
  SINCE JUL 1   6667                      6070    597     6570

 COOLING
  TODAY            0                         0      0        0
  MONTH TO DATE    0                         0      0        0
  SINCE MAR 1      0                         0      0        0
  SINCE JAN 1      0                         0      0        0
..................................................................


WIND (MPH)
  HIGHEST WIND SPEED    25   HIGHEST WIND DIRECTION     S (170)
  HIGHEST GUST SPEED    33   HIGHEST GUST DIRECTION     S (170)
  AVERAGE WIND SPEED     8.8


SKY COVER
  POSSIBLE SUNSHINE  MM
  AVERAGE SKY COVER 0.6


WEATHER CONDITIONS
 THE FOLLOWING WEATHER WAS RECORDED TODAY.
  NO SIGNIFICANT WEATHER WAS OBSERVED.


RELATIVE HUMIDITY (PERCENT)
 HIGHEST    85           400 AM
 LOWEST     23          1200 PM
 AVERAGE    54

..........................................................


THE SYRACUSE NY CLIMATE NORMALS FOR TOMORROW
                         NORMAL    RECORD    YEAR
 MAXIMUM TEMPERATURE (F)   57        83      1968
 MINIMUM TEMPERATURE (F)   36        22      1943


SUNRISE AND SUNSET
APRIL 13 2015.........SUNRISE   626 AM EDT   SUNSET   745 PM EDT
APRIL 14 2015.........SUNRISE   625 AM EDT   SUNSET   746 PM EDT


-  INDICATES NEGATIVE NUMBERS.
R  INDICATES RECORD WAS SET OR TIED.
MM INDICATES DATA IS MISSING.
T  INDICATES TRACE AMOUNT.




$$

HEDEN
