000
CDUS41 KBGM 200600
CLISYR


CLIMATE REPORT
NATIONAL WEATHER SERVICE BINGHAMTON NY
159 AM EDT MON APR 20 2015


...................................

...THE SYRACUSE NY CLIMATE SUMMARY FOR APRIL 19 2015...

CLIMATE NORMAL PERIOD 1981 TO 2010
CLIMATE RECORD PERIOD 1902 TO 2015


WEATHER ITEM   OBSERVED TIME   RECORD YEAR NORMAL DEPARTURE LAST
                VALUE   (LST)  VALUE       VALUE  FROM      YEAR
                                                  NORMAL
..................................................................
TEMPERATURE (F)
 YESTERDAY
  MAXIMUM         65    349 PM  87    2008  59      6       53
  MINIMUM         38    552 AM  20    1904  38      0       36
  AVERAGE         52                        48      4       45

PRECIPITATION (IN)
  YESTERDAY        0.00          1.49 1925   0.10  -0.10     0.00
  MONTH TO DATE    2.04                      2.09  -0.05     2.62
  SINCE MAR 1      3.56                      5.04  -1.48     6.10
  SINCE JAN 1      7.44                      9.61  -2.17    11.65

SNOWFALL (IN)
  YESTERDAY        0.0           5.5  1983   0.1   -0.1      0.0
  MONTH TO DATE    T                         3.2   -3.2      0.4
  SINCE MAR 1     12.3                      21.2   -8.9     22.1
  SINCE JUL 1    119.1                     123.1   -4.0    132.0
  SNOW DEPTH       0

DEGREE DAYS
 HEATING
  YESTERDAY       13                        17     -4       20
  MONTH TO DATE  346                       388    -42      383
  SINCE MAR 1   1515                      1345    170     1594
  SINCE JUL 1   6739                      6176    563     6686

 COOLING
  YESTERDAY        0                         0      0        0
  MONTH TO DATE    0                         0      0        1
  SINCE MAR 1      0                         0      0        1
  SINCE JAN 1      0                         0      0        1
..................................................................


WIND (MPH)
  HIGHEST WIND SPEED    25   HIGHEST WIND DIRECTION    SE (130)
  HIGHEST GUST SPEED    31   HIGHEST GUST DIRECTION    SE (140)
  AVERAGE WIND SPEED    10.6


SKY COVER
  POSSIBLE SUNSHINE  MM
  AVERAGE SKY COVER 0.6


WEATHER CONDITIONS
 THE FOLLOWING WEATHER WAS RECORDED YESTERDAY.
  HAZE


RELATIVE HUMIDITY (PERCENT)
 HIGHEST    64           300 AM
 LOWEST     28           400 PM
 AVERAGE    46

..........................................................


THE SYRACUSE NY CLIMATE NORMALS FOR TODAY
                         NORMAL    RECORD    YEAR
 MAXIMUM TEMPERATURE (F)   59        90      1941
 MINIMUM TEMPERATURE (F)   38        20      1904


SUNRISE AND SUNSET
APRIL 20 2015.........SUNRISE   615 AM EDT   SUNSET   753 PM EDT
APRIL 21 2015.........SUNRISE   613 AM EDT   SUNSET   754 PM EDT


-  INDICATES NEGATIVE NUMBERS.
R  INDICATES RECORD WAS SET OR TIED.
MM INDICATES DATA IS MISSING.
T  INDICATES TRACE AMOUNT.




$$
