000
CXUS51 KBGM 011232
CLMSYR


CLIMATE REPORT
NATIONAL WEATHER SERVICE BINGHAMTON NY
732 AM EST THU JAN 1 2015

...................................

...THE SYRACUSE NY CLIMATE SUMMARY FOR THE YEAR OF 2014...

CLIMATE NORMAL PERIOD 1981 TO 2010
CLIMATE RECORD PERIOD 1902 TO 2014

WEATHER         OBSERVED          NORMAL  DEPART  LAST YEAR`S
                 VALUE   DATE(S)  VALUE   FROM    VALUE  DATE(S)
                                          NORMAL
................................................................
TEMPERATURE (F)
RECORD
 HIGH             101   07/17/2012
                        07/21/2011
                        08/14/2002
 LOW              -26   02/18/1979
                        01/26/1966
HIGHEST            94   07/01        57      37       95  07/19
LOWEST            -12   01/22        38     -50       -7  01/24
AVG. MAXIMUM     57.0              57.7    -0.7     57.9
AVG. MINIMUM     38.5              39.0    -0.5     39.6
MEAN             47.7              48.3    -0.6     48.7
DAYS MAX >= 90      6               6.8    -0.8       12
DAYS MAX <= 32     65              45.7    19.3       49
DAYS MIN <= 32    135             129.5     5.5      136
DAYS MIN <= 0      15               7.1     7.9        6

PRECIPITATION (INCHES)
RECORD
 MAXIMUM        58.17   1976
 MINIMUM        27.10   1964
TOTALS          40.50             38.47    2.03    40.42
DAILY AVG.       0.11              0.11    0.00     0.11
DAYS >= .01       169             173.6    -4.6      191
DAYS >= .10        91              89.7     1.3       99
DAYS >= .50        26              22.7     3.3       25
DAYS >= 1.00        7               5.3     1.7        3
GREATEST
 24 HR. TOTAL    2.16   MM                       06/07 TO 06/07
                                                          02/02 TO 02/02
                                                          02/02 TO 02/02
 STORM TOTAL       MM                                 MM
 (MM/DD(HH))            MM                    06/07(00) TO 06/07(00)
                                                 02/02(00) TO 02/02(00)2
                                                 02/02(00) TO 02/02(00)2

SNOWFALL (INCHES)
RECORDS
 TOTAL          192.1   1992
 24 HR TOTAL     22.1   03/13/1993 TO 03/13/1993
 SNOW DEPTH        48   02/01/1966
                        02/21/1958
                        02/20/1958
TOTALS          114.7             123.8    -9.1    123.5
SINCE 7/1        26.2              42.6   -16.4     43.3
SNOWDEPTH AVG.      2                MM      MM        1
DAYS >= TRACE     104              66.4    37.6      122
DAYS >= 1.0        30              34.5    -4.5       35
GREATEST
 SNOW DEPTH        20   02/17                         15  01/04
                                                          01/01
                                                          01/02
 24 HR TOTAL     13.6   MM                       02/01 TO 02/02
                                                          02/02 TO 02/02
                                                          02/02 TO 02/02
 STORM TOTAL       MM                                 MM
 (MM/DD(HH))            MM                    02/02(00) TO 02/02(00)
                                                 02/02(00) TO 02/02(00)2
                                                 02/02(00) TO 02/02(00)2

DEGREE_DAYS
HEATING TOTAL    6802              6651     151     6504
 SINCE 7/1         MM              2453      MM       MM
COOLING TOTAL     647               570      77      712
 SINCE 1/1        647               569      78      712

FREEZE DATES
RECORD
 EARLIEST     09/23/1963
 LATEST       05/24/1963
EARLIEST                        10/14
LATEST                          04/29
...................................................

WIND (MPH)
AVERAGE WIND SPEED              8.4
RESULTANT WIND SPEED/DIRECTION   3/246
HIGHEST WIND SPEED/DIRECTION    46/250    DATE  01/06
HIGHEST GUST SPEED/DIRECTION    52/250    DATE  01/06

SKY COVER
POSSIBLE SUNSHINE (PERCENT)   MM
AVERAGE SKY COVER           0.80
NUMBER OF DAYS FAIR           25
NUMBER OF DAYS PC            128
NUMBER OF DAYS CLOUDY        212

AVERAGE RH (PERCENT)     70

WEATHER CONDITIONS. NUMBER OF DAYS WITH
THUNDERSTORM              0     MIXED PRECIP               3
HEAVY RAIN               37     RAIN                      66
LIGHT RAIN              164     FREEZING RAIN              3
LT FREEZING RAIN         13     HAIL                       1
HEAVY SNOW               12     SNOW                      32
LIGHT SNOW              102     SLEET                     11
FOG                     193     FOG W/VIS <= 1/4 MILE     12
HAZE                     28

-  INDICATES NEGATIVE NUMBERS.
R  INDICATES RECORD WAS SET OR TIED.
MM INDICATES DATA IS MISSING.
T  INDICATES TRACE AMOUNT.

$$
