000
CXUS51 KBGM 021409 CCA
CLMSYR

CLIMATE REPORT...CORRECTED
NATIONAL WEATHER SERVICE BINGHAMTON NY
1008 AM EDT THU APR 2 2015

...................................

...THE SYRACUSE NY CLIMATE SUMMARY FOR THE MONTH OF MARCH 2015...

CLIMATE NORMAL PERIOD 1981 TO 2010
CLIMATE RECORD PERIOD 1902 TO 2015

WEATHER         OBSERVED          NORMAL  DEPART  LAST YEAR`S
                 VALUE   DATE(S)  VALUE   FROM    VALUE  DATE(S)
                                          NORMAL
................................................................
TEMPERATURE (F)
RECORD
 HIGH              87   03/30/1986
 LOW              -16   03/04/1950
HIGHEST            51   03/16        43       8       52  03/28
LOWEST             -7   03/01        25     -32       -8  03/06
AVG. MAXIMUM     35.9              43.2    -7.3     35.0
AVG. MINIMUM     18.1              25.1    -7.0     16.5
MEAN             27.0              34.2    -7.2     25.7
DAYS MAX >= 90      0               0.0     0.0        0
DAYS MAX <= 32     11               5.4     5.6       12
DAYS MIN <= 32     27              23.2     3.8       29
DAYS MIN <= 0       3               0.4     2.6        2

PRECIPITATION (INCHES)
RECORD
 MAXIMUM         6.84   1955
 MINIMUM         1.01   1981
TOTALS           1.52              2.95   -1.43     3.48
DAILY AVG.       0.05              0.10   -0.05     0.11
DAYS >= .01        16              15.8     0.2       12
DAYS >= .10         7               7.3    -0.3        5
DAYS >= .50         0               1.9    -1.9        2
DAYS >= 1.00        0               0.2    -0.2        2
GREATEST
 24 HR. TOTAL    0.36   03/26 TO 03/26

SNOWFALL (INCHES)
RECORDS
 TOTAL           54.4   1993
 24 HR TOTAL     22.1   03/13/1993 TO 03/13/1993
 SNOW DEPTH        35   03/15/1993
TOTALS           12.3              18.0    -5.7     21.7
SINCE 7/1       119.1             119.9    -0.8    131.6
SNOWDEPTH AVG.     13                 4       9        5
DAYS >= TRACE      20               9.9    10.1       22
DAYS >= 1.0         5               4.8     0.2        4
GREATEST
 SNOW DEPTH        29   03/04                         14  03/13
                        03/02
 24 HR TOTAL      2.9   03/01 TO 03/02

DEGREE_DAYS
HEATING TOTAL    1169               957     212     1211
 SINCE 7/1       6393              5788     605     6303
COOLING TOTAL       0                 0       0        0
 SINCE 1/1          0                 0       0        0
.................................................................

WIND (MPH)
AVERAGE WIND SPEED              9.2
RESULTANT WIND SPEED/DIRECTION   5/275
HIGHEST WIND SPEED/DIRECTION    33/280    DATE  03/02
HIGHEST GUST SPEED/DIRECTION    43/310    DATE  03/17

SKY COVER
POSSIBLE SUNSHINE (PERCENT)   MM
AVERAGE SKY COVER           0.70
NUMBER OF DAYS FAIR            3
NUMBER OF DAYS PC             11
NUMBER OF DAYS CLOUDY         17

AVERAGE RH (PERCENT)     69

WEATHER CONDITIONS. NUMBER OF DAYS WITH
THUNDERSTORM              0     MIXED PRECIP               0
HEAVY RAIN                0     RAIN                       3
LIGHT RAIN                9     FREEZING RAIN              0
LT FREEZING RAIN          2     HAIL                       0
HEAVY SNOW                0     SNOW                       7
LIGHT SNOW               20     SLEET                      2
FOG                      20     FOG W/VIS <= 1/4 MILE      0
HAZE                      2

-  INDICATES NEGATIVE NUMBERS.
R  INDICATES RECORD WAS SET OR TIED.
MM INDICATES DATA IS MISSING.
T  INDICATES TRACE AMOUNT.

&&
8TH COLDEST MARCH
CORRECTED 24 HOUR GREATEST SNOWFALL...PRECIPITATION...
AND HEATING DEGREE DAYS.

$$

TAC
