000
CXUS51 KBGM 061011
CLSSYR


CLIMATE REPORT
NATIONAL WEATHER SERVICE BINGHAMTON NY
502 AM EST FRI MAR 6 2015

...................................

...THE SYRACUSE NY CLIMATE SUMMARY FOR THE SEASON, FROM
12/1/2014 TO 2/28/2015...

CLIMATE NORMAL PERIOD 1981 TO 2010
CLIMATE RECORD PERIOD 1902 TO 2015

WEATHER         OBSERVED          NORMAL  DEPART  LAST YEAR`S
                 VALUE   DATE(S)  VALUE   FROM    VALUE  DATE(S)
                                          NORMAL
................................................................
TEMPERATURE (F)
RECORD
 HIGH              72   12/06/2001
 LOW              -26   02/18/1979
                        01/26/1966
HIGHEST            59   12/25        34      25       59  12/05
LOWEST            -18   02/24        18     -36      -12  01/22
AVG. MAXIMUM     27.8              34.0    -6.2     30.9
AVG. MINIMUM     11.1              18.6    -7.5     14.9
MEAN             19.5              26.3    -6.8     22.9
DAYS MAX >= 90      0               0.0     0.0        0
DAYS MAX <= 32     60              38.6    21.4       52
DAYS MIN <= 32     83              78.6     4.4       82
DAYS MIN <= 0      25               6.7    18.3       15

PRECIPITATION (INCHES)
RECORD
 MAXIMUM        12.98   1959
 MINIMUM         4.57   1979
TOTALS           6.90              7.79   -0.89     8.44
DAILY AVG.       0.08              0.09   -0.01     0.09
DAYS >= .01        51              53.7    -2.7       57
DAYS >= .10        20              21.6    -1.6       25
DAYS >= .50         2               3.6    -1.6        4
DAYS >= 1.00        0               0.8    -0.8        0
GREATEST
 24 HR. TOTAL    0.98   01/03 TO 01/04

SNOWFALL (INCHES)
RECORDS
 TOTAL          159.7   2011
 24 HR TOTAL     22.0   01/31/1966 TO 01/31/1966
 SNOW DEPTH        48   02/01/1966
                        02/21/1958
                        02/20/1958
TOTALS           95.8              92.0     3.8     95.4
SINCE 7/1       104.5             101.9     2.6    109.7
SNOWDEPTH AVG.      9                 5       4        5
DAYS >= TRACE      71              47.5    23.5       69
DAYS >= 1.0        27              25.4     1.6       29
GREATEST
 SNOW DEPTH        33   02/23                         20  02/17
 24 HR TOTAL     12.3   12/10 TO 12/11

DEGREE_DAYS
HEATING TOTAL    4039              3481     558     3759
 SINCE 7/1       5224              4831     393     5092
COOLING TOTAL       0                 0       0        0
 SINCE 1/1          0                 0       0        0

FREEZE DATES
RECORD
 EARLIEST     09/23/1963
 LATEST       05/24/1963
EARLIEST                        10/14
LATEST                          04/29
......................................................

WIND (MPH)
AVERAGE WIND SPEED              9.5
RESULTANT WIND SPEED/DIRECTION   4/264
HIGHEST WIND SPEED/DIRECTION    37/260    DATE  01/05
HIGHEST GUST SPEED/DIRECTION    47/280    DATE  01/05

SKY COVER
POSSIBLE SUNSHINE (PERCENT)   MM
AVERAGE SKY COVER           0.80

AVERAGE RH (PERCENT)     78


-  INDICATES NEGATIVE NUMBERS.
R  INDICATES RECORD WAS SET OR TIED.
MM INDICATES DATA IS MISSING.
T  INDICATES TRACE AMOUNT.

&&
6TH COLDEST DECEMBER TO FEBRUARY
$$
