000
CXUS54 KHGX 251415
CF6CXO
PRELIMINARY LOCAL CLIMATOLOGICAL DATA (WS FORM: F-6)

                                          STATION:   CONROE
                                          MONTH:     APRIL
                                          YEAR:      2015
                                          LATITUDE:   30 21 N
                                          LONGITUDE:  95 25 W

  TEMPERATURE IN F:       :PCPN:    SNOW:  WIND      :SUNSHINE: SKY     :PK WND
================================================================================
1   2   3   4   5  6A  6B    7    8   9   10  11  12  13   14  15   16   17  18
                                     12Z  AVG MX 2MIN
DY MAX MIN AVG DEP HDD CDD  WTR  SNW DPTH SPD SPD DIR MIN PSBL S-S WX    SPD DR
================================================================================

 1  79  65  72   8   0   7 0.15  0.0    0  6.5 21 170   M    M   7 13     26 160
 2  84  65  75  11   0  10 0.00  0.0    0 10.8 21 180   M    M   8 18     26 170
 3  82  68  75  11   0  10 0.01  0.0    0  7.7 14 360   M    M   8 18     21 340
 4  70  56  63  -1   2   0 0.00  0.0    0  7.0 16  30   M    M   7        25  30
 5  63  57  60  -5   5   0 0.00  0.0    0  6.2 13 140   M    M  10 138    18 110
 6  82  63  73   8   0   8    T  0.0    0  8.8 22 160   M    M   6 13     27 180
 7  87  67  77  12   0  12 0.00  0.0    0 10.8 21 170   M    M   5 1      26 170
 8  85  69  77  12   0  12 0.00  0.0    0 10.3 24 170   M    M   6 1      28 170
 9  85  67  76  11   0  11 0.00  0.0    0 11.1 22 190   M    M   6 18     27 180
10  70  59  65  -1   0   0 0.07  0.0    0  3.7 18  10   M    M   8 13     27  10
11  79  61  70   4   0   5    T  0.0    0  4.9 10 190   M    M   9        14  70
12  77  67  72   6   0   7 0.06  0.0    0  7.0 15 140   M    M   9 13     20 140
13  85  69  77  11   0  12 0.05  0.0    0  7.0 20 220   M    M   5 1      25 200
14  73  58  66   0   0   1 0.23  0.0    0  3.9 12 290   M    M   8 13     15 290
15  79  55  67   0   0   2 0.01  0.0    0  1.6 10 150   M    M   2 13     13 290
16  83  61  72   5   0   7 0.63  0.0    0  6.5 21 140   M    M   6 123    28 140
17  81  62  72   5   0   7 0.96  0.0    0  5.8 25 140   M    M   4 13     34 140
18  77  62  70   3   0   5 0.02  0.0    0  5.7 28 330   M    M   5 18     36 330
19  83  55  69   1   0   4 0.01  0.0    0  4.6 20 200   M    M   0 3      26 220
20  73  56  65  -3   0   0 0.00  0.0    0  7.4 18  10   M    M   0        30 360
21  78  50  64  -4   1   0 0.00  0.0    0  5.8 16 140   M    M   1        22 150
22  83  62  73   5   0   8 0.00  0.0    0  5.1 15 150   M    M   6        20 130
23  86  67  77   9   0  12 0.00  0.0    0  3.6 10 170   M    M   7 1      13 170
24  84  69  77   8   0  12 0.13  0.0    0  6.1 17 150   M    M   7 123    21 180
================================================================================
SM 1908 1490         8 152  2.33     0.0 157.9          M      140
================================================================================
AV 79.5 62.1                               6.6 FASTST   M    M   6    MAX(MPH)
                                 MISC ---->  # 28 330               # 36  330
================================================================================
NOTES:
# LAST OF SEVERAL OCCURRENCES

COLUMN 17 PEAK WIND IN M.P.H.

PRELIMINARY LOCAL CLIMATOLOGICAL DATA (WS FORM: F-6) , PAGE 2

                                          STATION:  CONROE
                                          MONTH:    APRIL
                                          YEAR:     2015
                                          LATITUDE:   30 21 N
                                          LONGITUDE:  95 25 W

[TEMPERATURE DATA]      [PRECIPITATION DATA]       SYMBOLS USED IN COLUMN 16

AVERAGE MONTHLY: 70.8   TOTAL FOR MONTH:   2.33    1 = FOG OR MIST
DPTR FM NORMAL:   4.6   DPTR FM NORMAL:    0.37    2 = FOG REDUCING VISIBILITY
HIGHEST:    87 ON  7    GRTST 24HR  1.15 ON 16-17      TO 1/4 MILE OR LESS
LOWEST:     50 ON 21                               3 = THUNDER
                        SNOW, ICE PELLETS, HAIL    4 = ICE PELLETS
                        TOTAL MONTH:   0.0 INCH    5 = HAIL
                        GRTST 24HR     0.0         6 = FREEZING RAIN OR DRIZZLE
                        GRTST DEPTH:   0           7 = DUSTSTORM OR SANDSTORM:
                                                       VSBY 1/2 MILE OR LESS
                                                   8 = SMOKE OR HAZE
[NO. OF DAYS WITH]      [WEATHER - DAYS WITH]      9 = BLOWING SNOW
                                                   X = TORNADO
MAX 32 OR BELOW:   0    0.01 INCH OR MORE:  12
MAX 90 OR ABOVE:   0    0.10 INCH OR MORE:   5
MIN 32 OR BELOW:   0    0.50 INCH OR MORE:   2
MIN  0 OR BELOW:   0    1.00 INCH OR MORE:   0

[HDD (BASE 65) ]
TOTAL THIS MO.     8    CLEAR  (SCALE 0-3)   4
DPTR FM NORMAL   -53    PTCLDY (SCALE 4-7)  16
TOTAL FM JUL 1  1865    CLOUDY (SCALE 8-10)  4
DPTR FM NORMAL   131

[CDD (BASE 65) ]
TOTAL THIS MO.   152
DPTR FM NORMAL    62    [PRESSURE DATA]
TOTAL FM JAN 1   187    HIGHEST SLP M ON M
DPTR FM NORMAL    29    LOWEST  SLP 29.70 ON M

[REMARKS]
