000
CXUS51 KILN 180539
CF6DAY
PRELIMINARY LOCAL CLIMATOLOGICAL DATA (WS FORM: F-6)

                                          STATION:   DAYTON OH
                                          MONTH:     APRIL
                                          YEAR:      2015
                                          LATITUDE:   39 54 N
                                          LONGITUDE:  84 12 W

  TEMPERATURE IN F:       :PCPN:    SNOW:  WIND      :SUNSHINE: SKY     :PK WND
================================================================================
1   2   3   4   5  6A  6B    7    8   9   10  11  12  13   14  15   16   17  18
                                     12Z  AVG MX 2MIN
DY MAX MIN AVG DEP HDD CDD  WTR  SNW DPTH SPD SPD DIR MIN PSBL S-S WX    SPD DR
================================================================================

 1  66  33  50   4  15   0 0.00  0.0    0  7.7 14 220   M    M   1        17 200
 2  67  47  57  10   8   0 0.49  0.0    0 13.3 28 220   M    M   8 13     36 220
 3  59  41  50   3  15   0 0.29  0.0    0  8.8 24 320   M    M  10 1      30 310
 4  53  31  42  -6  23   0 0.00  0.0    0 11.5 23 320   M    M   0        32 320
 5  63  39  51   3  14   0 0.00  0.0    0 11.6 22 230   M    M   4        27 240
 6  64  44  54   6  11   0 0.09  0.0    0  9.2 24 230   M    M   9 1      32 230
 7  65  50  58   9   7   0 0.09  0.0    0  6.9 13 190   M    M  10 13     16 200
 8  71  49  60  11   5   0 1.22  0.0    0  7.8 39 290   M    M  10 123    47 290
 9  75  59  67  18   0   2 0.42  0.0    0 13.7 28 190   M    M   7 13     40 200
10  71  47  59   9   6   0 0.53  0.0    0 19.7 35 270   M    M   7 13     49 280
11  61  37  49  -1  16   0 0.00  0.0    0  4.5 22 320   M    M   2        27 310
12  72  41  57   7   8   0 0.00  0.0    0  7.8 16 140   M    M   5        18 150
13  79  55  67  16   0   2 0.30  0.0    0 13.3 28 220   M    M   8 1      33 220
14  62  47  55   4  10   0 0.00  0.0    0  8.9 18  40   M    M  10        25  40
15  68  43  56   4   9   0    T  0.0    0 12.7 25  90   M    M   8        30  70
16  70  54  62  10   3   0 0.06  0.0    0  9.2 18 160   M    M   9 1      23 160
17  76  53  65  13   0   0 0.00  0.0    0  5.2 16 350   M    M   7 128    21 360
================================================================================
SM 1142  770       150   4  3.49     0.0 171.8          M      115
================================================================================
AV 67.2 45.3                              10.1 FASTST   M    M   7    MAX(MPH)
                                 MISC ---->  # 39 290               # 49  280
================================================================================
NOTES:
# LAST OF SEVERAL OCCURRENCES

COLUMN 17 PEAK WIND IN M.P.H.

PRELIMINARY LOCAL CLIMATOLOGICAL DATA (WS FORM: F-6) , PAGE 2

                                          STATION:  DAYTON OH
                                          MONTH:    APRIL
                                          YEAR:     2015
                                          LATITUDE:   39 54 N
                                          LONGITUDE:  84 12 W

[TEMPERATURE DATA]      [PRECIPITATION DATA]       SYMBOLS USED IN COLUMN 16

AVERAGE MONTHLY: 56.2   TOTAL FOR MONTH:   3.49    1 = FOG OR MIST
DPTR FM NORMAL:   6.9   DPTR FM NORMAL:    1.25    2 = FOG REDUCING VISIBILITY
HIGHEST:    79 ON 13    GRTST 24HR  1.22 ON  8- 8      TO 1/4 MILE OR LESS
LOWEST:     31 ON  4                               3 = THUNDER
                        SNOW, ICE PELLETS, HAIL    4 = ICE PELLETS
                        TOTAL MONTH:   0.0 INCH    5 = HAIL
                        GRTST 24HR     0.0         6 = FREEZING RAIN OR DRIZZLE
                        GRTST DEPTH:   0           7 = DUSTSTORM OR SANDSTORM:
                                                       VSBY 1/2 MILE OR LESS
                                                   8 = SMOKE OR HAZE
[NO. OF DAYS WITH]      [WEATHER - DAYS WITH]      9 = BLOWING SNOW
                                                   X = TORNADO
MAX 32 OR BELOW:   0    0.01 INCH OR MORE:   9
MAX 90 OR ABOVE:   0    0.10 INCH OR MORE:   6
MIN 32 OR BELOW:   1    0.50 INCH OR MORE:   2
MIN  0 OR BELOW:   0    1.00 INCH OR MORE:   1

[HDD (BASE 65) ]
TOTAL THIS MO.   150    CLEAR  (SCALE 0-3)   3
DPTR FM NORMAL  -120    PTCLDY (SCALE 4-7)   7
TOTAL FM JUL 1  5520    CLOUDY (SCALE 8-10)  7
DPTR FM NORMAL   211

[CDD (BASE 65) ]
TOTAL THIS MO.     4
DPTR FM NORMAL     4    [PRESSURE DATA]
TOTAL FM JAN 1     4    HIGHEST SLP 30.35 ON  4
DPTR FM NORMAL     4    LOWEST  SLP 29.63 ON 10

[REMARKS]
