000
CXUS56 KTFX 261205
CF6DLN
PRELIMINARY LOCAL CLIMATOLOGICAL DATA (WS FORM: F-6)

                                          STATION:   DILLON AIRPORT MT
                                          MONTH:     APRIL
                                          YEAR:      2015
                                          LATITUDE:   45 15 N
                                          LONGITUDE: 112 33 W

  TEMPERATURE IN F:       :PCPN:    SNOW:  WIND      :SUNSHINE: SKY     :PK WND
================================================================================
1   2   3   4   5  6A  6B    7    8   9   10  11  12  13   14  15   16   17  18
                                     12Z  AVG MX 2MIN
DY MAX MIN AVG DEP HDD CDD  WTR  SNW DPTH SPD SPD DIR MIN PSBL S-S WX    SPD DR
================================================================================

 1  45  23  34  -4  31   0 0.01    M    0 14.9 35 280   M    M   3 1      42 280
 2  40  16  28 -10  37   0 0.00    M    0  5.8 22 290   M    M   4        27  20
 3  51  13  32  -6  33   0 0.00    M    0 10.3 25 250   M    M   1        30 240
 4  50  25  38  -1  27   0 0.00    M    0  5.9 25 200   M    M   6 8      31 210
 5  42  28  35  -4  30   0 0.15    M    0  8.9 21  30   M    M   8 1      24  30
 6  46  25  36  -3  29   0    T    M    0  7.8 32 240   M    M   7 18     48 250
 7  51  18  35  -4  30   0 0.00    M    0  8.7 21  20   M    M   2        25  30
 8  55  23  39  -1  26   0 0.00    M    0 10.3 25 360   M    M   2        36  20
 9  50  24  37  -3  28   0 0.00    M    0  6.4 18 140   M    M   3        22 210
10  59  28  44   4  21   0 0.00    M    0 11.4 21 240   M    M   3        30 220
11  62  33  48   8  17   0 0.00    M    0 16.4 37 250   M    M   4 8      43 240
12  51  26  39  -1  26   0 0.00    M    0 14.0 28 250   M    M   2 8      35 250
13  66  28  47   6  18   0 0.00    M    0 13.4 29 150   M    M   0        37 190
14  59  27  43   2  22   0 0.29    M    0  9.6 30 160   M    M   6 128    37 160
15  39  24  32  -9  33   0    T    M    2  6.5 16  10   M    M   8 18     20  20
16  54  22  38  -4  27   0 0.00    M    T  4.8 12 200   M    M   0        15 110
17  65  27  46   4  19   0 0.00    M    0  5.5 14 190   M    M   0        18 210
18  65  33  49   7  16   0 0.00    M    0 12.8 35  30   M    M   0        39  30
19  60  28  44   2  21   0 0.00    M    0  6.3 20  30   M    M   2 8      24  30
20  66  28  47   4  18   0 0.00    M    0  4.2 12 120   M    M   2        13  90
21  69  31  50   7  15   0 0.00    M    0  5.7 16 210   M    M   1 8      18 210
22  72  39  56  13   9   0 0.02    M    0  8.5 31 280   M    M   5 8      38 280
23  69  38  54  10  11   0 0.00    M    0  6.8 25 250   M    M   4 8      33 250
24  56  34  45   1  20   0 0.43    M    0  9.2 25 330   M    M   8 18     30 330
25  49  33  41  -3  24   0 0.11    M    T  6.4 21  40   M    M   9 1      25  50
================================================================================
SM 1391  674       588   0  1.01    M    220.5          M       90
================================================================================
AV 55.6 27.0                               8.8 FASTST   M    M   4    MAX(MPH)
                                 MISC ---->  # 37 250               # 48  250
================================================================================
NOTES:
# LAST OF SEVERAL OCCURRENCES

COLUMN 17 PEAK WIND IN M.P.H.

PRELIMINARY LOCAL CLIMATOLOGICAL DATA (WS FORM: F-6) , PAGE 2

                                          STATION:  DILLON AIRPORT MT
                                          MONTH:    APRIL
                                          YEAR:     2015
                                          LATITUDE:   45 15 N
                                          LONGITUDE: 112 33 W

[TEMPERATURE DATA]      [PRECIPITATION DATA]       SYMBOLS USED IN COLUMN 16

AVERAGE MONTHLY: 41.3   TOTAL FOR MONTH:   1.01    1 = FOG OR MIST
DPTR FM NORMAL:   0.4   DPTR FM NORMAL:    0.17    2 = FOG REDUCING VISIBILITY
HIGHEST:    72 ON 22    GRTST 24HR  0.53 ON 24-25      TO 1/4 MILE OR LESS
LOWEST:     13 ON  3                               3 = THUNDER
                        SNOW, ICE PELLETS, HAIL    4 = ICE PELLETS
                        TOTAL MONTH:    M          5 = HAIL
                        GRTST 24HR    M  ON   M    6 = FREEZING RAIN OR DRIZZLE
                        GRTST DEPTH:   2 ON 15     7 = DUSTSTORM OR SANDSTORM:
                                                       VSBY 1/2 MILE OR LESS
                                                   8 = SMOKE OR HAZE
[NO. OF DAYS WITH]      [WEATHER - DAYS WITH]      9 = BLOWING SNOW
                                                   X = TORNADO
MAX 32 OR BELOW:   0    0.01 INCH OR MORE:   6
MAX 90 OR ABOVE:   0    0.10 INCH OR MORE:   4
MIN 32 OR BELOW:  19    0.50 INCH OR MORE:   0
MIN  0 OR BELOW:   0    1.00 INCH OR MORE:   0

[HDD (BASE 65) ]
TOTAL THIS MO.   588    CLEAR  (SCALE 0-3)  13
DPTR FM NORMAL   -16    PTCLDY (SCALE 4-7)  11
TOTAL FM JUL 1  6421    CLOUDY (SCALE 8-10)  1
DPTR FM NORMAL -1050

[CDD (BASE 65) ]
TOTAL THIS MO.     0
DPTR FM NORMAL     0    [PRESSURE DATA]
TOTAL FM JAN 1     0    HIGHEST SLP M ON M
DPTR FM NORMAL     0    LOWEST  SLP 29.53 ON 24

[REMARKS]
