000
CXUS51 KPBZ 010804
CF6DUJ
PRELIMINARY LOCAL CLIMATOLOGICAL DATA (WS FORM: F-6)

                                          STATION:   DUBOIS
                                          MONTH:     MARCH
                                          YEAR:      2015
                                          LATITUDE:   41 10 N
                                          LONGITUDE:  78 54 W

  TEMPERATURE IN F:       :PCPN:    SNOW:  WIND      :SUNSHINE: SKY     :PK WND
================================================================================
1   2   3   4   5  6A  6B    7    8   9   10  11  12  13   14  15   16   17  18
                                     12Z  AVG MX 2MIN
DY MAX MIN AVG DEP HDD CDD  WTR  SNW DPTH SPD SPD DIR MIN PSBL S-S WX    SPD DR
================================================================================

 1  33  17  25  -5  40   0 0.31    M    M  9.2 17 250   M    M  10 128    20 250
 2  31  13  22  -8  43   0    T    M    M 12.5 23 260   M    M   7 18     32 310
 3  38   9  24  -6  41   0 0.71    M    M  8.3 20 130   M    M   8 1268   27 120
 4  38  27  33   2  32   0 0.17    M    M 10.6 18 260   M    M  10 128    25 250
 5  27   1  14 -17  51   0 0.01    M    M  9.7 21 320   M    M   7 18     27 320
 6  20  -7   7 -24  58   0 0.00    M    M  6.6 14 230   M    M   0        17 220
 7  35  11  23  -9  42   0    T    M    M 11.6 20 240   M    M   7 18     25 250
 8  40  30  35   3  30   0 0.00    M    M 13.1 25 250   M    M   5 8      33 290
 9  45  32  39   7  26   0 0.01    M    M  8.0 18 250   M    M   5 18     23 280
10  47  30  39   6  26   0 0.14    M    M  4.9 10 130   M    M   7 128    13 190
11  47  32  40   7  25   0    T    M    M  9.0 16 280   M    M   6 128    20 280
12  46  28  37   4  28   0 0.00    M    M  6.5 16  10   M    M   0        21  20
13  49  30  40   6  25   0 0.00    M    M  8.6 15 160   M    M   3 18     21 170
14  46  35  41   7  24   0 0.31    M    M  9.6 22 300   M    M  10 12     30 300
15  36  27  32  -2  33   0    T    M    M 14.7 25 290   M    M  10 18     36 290
16  55  27  41   6  24   0 0.00    M    M  7.1 18 270   M    M   3 18     24 270
17  51  25  38   3  27   0    T    M    M 14.6 25 300   M    M   5 8      35 290
18  39  21  30  -5  35   0 0.00    M    M 12.2 24 310   M    M   1        36 320
19  43  22  33  -3  32   0 0.00    M    M  5.0  9 100   M    M   0        13 320
20  36  30  33  -3  32   0 0.16    M    M  6.9 16 130   M    M  10 128    21 140
21  46  29  38   2  27   0 0.00    M    M 10.8 22 290   M    M   9 18     29 300
22  36  19  28  -9  37   0 0.00    M    M 10.1 20 280   M    M   1        24 280
23  37  15  26 -11  39   0 0.00    M    M  5.0 14  20   M    M   3        16  30
24  46  28  37  -1  28   0 0.00    M    M  4.7 10  70   M    M   4        12  80
25  46  31  39   1  26   0 0.27    M    M 10.2 18 120   M    M   4 168    26 140
26  42  34  38   0  27   0 0.16    M    M  7.4 17 320   M    M   8 128    22 280
27  36  20  28 -11  37   0    T    M    M  9.7 17 320   M    M  10 18     23 330
28  28  15  22 -17  43   0    T    M    M 11.5 21 340   M    M   6 8      31 340
29  42  12  27 -13  38   0    T    M    M  8.3 32 240   M    M   1 1      47 220
30  49  34  42   2  23   0    T    M    M 15.7 33 270   M    M   8 18     42 270
31  37  30  34  -6  31   0 0.21    M    M  6.0 15  20   M    M   8 18     17  20
================================================================================
SM 1247  707      1030   0  2.46    M    288.1          M      176
================================================================================
AV 40.2 22.8                               9.3 FASTST   M    M   6    MAX(MPH)
                                 MISC ---->  # 33 270               # 47  220
================================================================================
NOTES:
# LAST OF SEVERAL OCCURRENCES

COLUMN 17 PEAK WIND IN M.P.H.

PRELIMINARY LOCAL CLIMATOLOGICAL DATA (WS FORM: F-6) , PAGE 2

                                          STATION:  DUBOIS
                                          MONTH:    MARCH
                                          YEAR:     2015
                                          LATITUDE:   41 10 N
                                          LONGITUDE:  78 54 W

[TEMPERATURE DATA]      [PRECIPITATION DATA]       SYMBOLS USED IN COLUMN 16

AVERAGE MONTHLY: 31.5   TOTAL FOR MONTH:   2.46    1 = FOG OR MIST
DPTR FM NORMAL:  -3.3   DPTR FM NORMAL:   -0.85    2 = FOG REDUCING VISIBILITY
HIGHEST:    55 ON 16    GRTST 24HR  0.71 ON  3- 3      TO 1/4 MILE OR LESS
LOWEST:     -7 ON  6                               3 = THUNDER
                        SNOW, ICE PELLETS, HAIL    4 = ICE PELLETS
                        TOTAL MONTH:    M          5 = HAIL
                        GRTST 24HR    M  ON   M    6 = FREEZING RAIN OR DRIZZLE
                        GRTST DEPTH:  M  ON   M    7 = DUSTSTORM OR SANDSTORM:
                                                       VSBY 1/2 MILE OR LESS
                                                   8 = SMOKE OR HAZE
[NO. OF DAYS WITH]      [WEATHER - DAYS WITH]      9 = BLOWING SNOW
                                                   X = TORNADO
MAX 32 OR BELOW:   4    0.01 INCH OR MORE:  11
MAX 90 OR ABOVE:   0    0.10 INCH OR MORE:   9
MIN 32 OR BELOW:  28    0.50 INCH OR MORE:   1
MIN  0 OR BELOW:   1    1.00 INCH OR MORE:   0

[HDD (BASE 65) ]
TOTAL THIS MO.  1030    CLEAR  (SCALE 0-3)   9
DPTR FM NORMAL    95    PTCLDY (SCALE 4-7)  14
TOTAL FM JUL 1  6368    CLOUDY (SCALE 8-10)  8
DPTR FM NORMAL   410

[CDD (BASE 65) ]
TOTAL THIS MO.     0
DPTR FM NORMAL     0    [PRESSURE DATA]
TOTAL FM JAN 1     0    HIGHEST SLP 30.59 ON  1
DPTR FM NORMAL     0    LOWEST  SLP 29.62 ON 17

[REMARKS]
#FINAL-03-15#
#FINAL-03-15#
