000
CXUS53 KTOP 280200
CF6EMP
PRELIMINARY LOCAL CLIMATOLOGICAL DATA (WS FORM: F-6)

                                          STATION:   Emporia KS
                                          MONTH:     APRIL
                                          YEAR:      2015
                                          LATITUDE:   38 19 N
                                          LONGITUDE:  96 12 W

  TEMPERATURE IN F:       :PCPN:    SNOW:  WIND      :SUNSHINE: SKY     :PK WND
================================================================================
1   2   3   4   5  6A  6B    7    8   9   10  11  12  13   14  15   16   17  18
                                     12Z  AVG MX 2MIN
DY MAX MIN AVG DEP HDD CDD  WTR  SNW DPTH SPD SPD DIR MIN PSBL S-S WX    SPD DR
================================================================================

 1  81  50  66  15   0   1 0.00    M    M 15.7 29 180   M    M   0        40 170
 2  71  55  63  12   2   0 0.47    M    M 13.3 28 180   M    M   6 138    35 190
 3  56  37  47  -5  18   0 0.24    M    M 15.8 31 310   M    M   3 3      44 320
 4  62  26  44  -8  21   0 0.00    M    M 10.3 21 190   M    M   3 8      25 160
 5  59  39  49  -3  16   0 0.00    M    M 15.7 28 180   M    M   6 18     35 170
 6  73  49  61   8   4   0 0.00    M    M 12.5 22 160   M    M   7 18     27 150
 7  84  54  69  16   0   4 0.00    M    M 13.3 22 220   M    M   2 18     27 230
 8  78  51  65  12   0   0 0.17    M    M 10.3 37 190   M    M   8 138    46 190
 9  70  40  55   1  10   0 0.00    M    M 20.5 33 290   M    M   6 18     42 300
10  68  37  53  -1  12   0 0.00    M    M  7.3 15 270   M    M   3 8      19 270
11  70  50  60   6   5   0 0.02    M    M 12.6 25 170   M    M   3 38     30 170
12  70  50  60   5   5   0 1.13    M    M 16.2 29 180   M    M   5 138    35 170
13  63  49  56   1   9   0 0.18    M    M 11.6 24  30   M    M   1 1      30  40
14  68  47  58   3   7   0    T    M    M  8.5 23  90   M    M   2 8      27  80
15  61  49  55  -1  10   0    T    M    M 10.4 16 110   M    M  10 18     21 120
16  77  53  65   9   0   0 0.00    M    M  9.3 16 140   M    M   7 128    22 130
17  74  55  65   9   0   0 0.25    M    M  7.2 22  50   M    M   2 13     25  60
18  68  53  61   4   4   0 0.93    M    M  8.7 21 310   M    M   5 13     28 300
19  67  45  56  -1   9   0 0.35    M    M 11.1 31 320   M    M   5 13     43 320
20  61  41  51  -6  14   0 0.00    M    M 13.2 28 320   M    M   2        38 320
21  72  44  58   0   7   0    T    M    M 10.4 22  30   M    M   2 38     28  20
22  60  39  50  -8  15   0 0.00    M    M  8.4 16  60   M    M   1 8      26  30
23  61  41  51  -7  14   0 0.00    M    M 11.5 21 140   M    M   8 8      26 140
24  72  53  63   4   2   0 0.20    M    M 13.9 28 160   M    M   9 13     34 160
25  67  50  59   0   6   0 0.37    M    M 12.4 23 290   M    M   7 13     30 300
26  58  48  53  -6  12   0 0.00    M    M 12.3 21  50   M    M   7 1      25  50
================================================================================
SM 1771 1205       202   5  4.31    M    312.4          M      120
================================================================================
AV 68.1 46.3                              12.0 FASTST   M    M   5    MAX(MPH)
                                 MISC ---->  # 37 190               # 46  190
================================================================================
NOTES:
# LAST OF SEVERAL OCCURRENCES

COLUMN 17 PEAK WIND IN M.P.H.

PRELIMINARY LOCAL CLIMATOLOGICAL DATA (WS FORM: F-6) , PAGE 2

                                          STATION:  Emporia KS
                                          MONTH:    APRIL
                                          YEAR:     2015
                                          LATITUDE:   38 19 N
                                          LONGITUDE:  96 12 W

[TEMPERATURE DATA]      [PRECIPITATION DATA]       SYMBOLS USED IN COLUMN 16

AVERAGE MONTHLY: 57.2   TOTAL FOR MONTH:   4.31    1 = FOG OR MIST
DPTR FM NORMAL:   2.1   DPTR FM NORMAL:    1.59    2 = FOG REDUCING VISIBILITY
HIGHEST:    84 ON  7    GRTST 24HR  1.28 ON 12-13      TO 1/4 MILE OR LESS
LOWEST:     26 ON  4                               3 = THUNDER
                        SNOW, ICE PELLETS, HAIL    4 = ICE PELLETS
                        TOTAL MONTH:    M          5 = HAIL
                        GRTST 24HR    M  ON   M    6 = FREEZING RAIN OR DRIZZLE
                        GRTST DEPTH:  M  ON   M    7 = DUSTSTORM OR SANDSTORM:
                                                       VSBY 1/2 MILE OR LESS
                                                   8 = SMOKE OR HAZE
[NO. OF DAYS WITH]      [WEATHER - DAYS WITH]      9 = BLOWING SNOW
                                                   X = TORNADO
MAX 32 OR BELOW:   0    0.01 INCH OR MORE:  11
MAX 90 OR ABOVE:   0    0.10 INCH OR MORE:  10
MIN 32 OR BELOW:   1    0.50 INCH OR MORE:   2
MIN  0 OR BELOW:   0    1.00 INCH OR MORE:   1

[HDD (BASE 65) ]
TOTAL THIS MO.   202    CLEAR  (SCALE 0-3)   9
DPTR FM NORMAL   -72    PTCLDY (SCALE 4-7)  14
TOTAL FM JUL 1  4734    CLOUDY (SCALE 8-10)  3
DPTR FM NORMAL    28

[CDD (BASE 65) ]
TOTAL THIS MO.     5
DPTR FM NORMAL   -15    [PRESSURE DATA]
TOTAL FM JAN 1     6    HIGHEST SLP M ON M
DPTR FM NORMAL   -16    LOWEST  SLP 29.35 ON 25

[REMARKS]
