000
CXUS54 KOUN 240800
CF6GAG
PRELIMINARY LOCAL CLIMATOLOGICAL DATA (WS FORM: F-6)

                                          STATION:   GAGE
                                          MONTH:     APRIL
                                          YEAR:      2015
                                          LATITUDE:   36 17 N
                                          LONGITUDE:  99 46 W

  TEMPERATURE IN F:       :PCPN:    SNOW:  WIND      :SUNSHINE: SKY     :PK WND
================================================================================
1   2   3   4   5  6A  6B    7    8   9   10  11  12  13   14  15   16   17  18
                                     12Z  AVG MX 2MIN
DY MAX MIN AVG DEP HDD CDD  WTR  SNW DPTH SPD SPD DIR MIN PSBL S-S WX    SPD DR
================================================================================

 1  90  55  73  21   0   8 0.00  0.0    0 20.5 31 180   M    M   0        39 180
 2  84  50  67  15   0   2 0.00  0.0    0 10.9 33 190   M    M   0        45 200
 3  60  31  46  -7  19   0 0.00  0.0    0 18.0 36  10   M    M   5        46 360
 4  66  25  46  -7  19   0 0.00  0.0    0 12.1 24 190   M    M   0        31 210
 5  80  49  65  12   0   0 0.00  0.0    0 20.4 32 180   M    M   2        40 180
 6  92  57  75  21   0  10 0.00  0.0    0 17.4 33 240   M    M   2 1      42 180
 7  90  43  67  13   0   2 0.00  0.0    0  8.2 20 160   M    M   0        26 200
 8  93  44  69  15   0   4 0.03    M    0 15.8 38 170   M    M   0 38     48 170
 9  71  39  55   0  10   0 0.00  0.0    0 18.6 37 190   M    M   1        44 190
10  70  30  50  -5  15   0    T  0.0    0  7.9 18 160   M    M   2 3      23 160
11  66  40  53  -2  12   0 0.21  0.0    0 16.8 41 180   M    M   5 13     49 170
12  84  60  72  16   0   7 0.54  0.0    0 18.9 36 180   M    M   2 3      43 180
13  66  45  56   0   9   0 0.23  0.0    0 13.8 31  60   M    M   4 1      40  60
14  70  41  56   0   9   0 0.00  0.0    0  6.0 15 100   M    M   0        22  90
15  74  43  59   3   6   0 0.00  0.0    0 12.6 29 160   M    M   4        36 170
16  70  56  63   6   2   0 0.30  0.0    0 11.8 39 140   M    M   8 138    59 130
17  71  51  61   4   4   0 0.98  0.0    0 12.2 33 260   M    M   5 13     41 250
18  72  50  61   3   4   0 0.05  0.0    0  9.2 23 280   M    M   6 13     30 280
19  59  41  50  -8  15   0 0.09    M    0 14.4 36 340   M    M   3 13     46 340
20  65  36  51  -7  14   0 0.00  0.0    0  5.7 15 180   M    M   4        19 300
21  76  43  60   2   5   0 0.00  0.0    0  7.4 18 180   M    M   1        23 180
22  63  45  54  -5  11   0 0.20    M    0 10.6 21 120   M    M   6 13     29 120
23  68  52  60   1   5   0 0.00  0.0    0 10.0 18 160   M    M  10 1      23 160
================================================================================
SM 1700 1026       159  33  2.63     0.0 299.2          M       70
================================================================================
AV 73.9 44.6                              13.0 FASTST   M    M   3    MAX(MPH)
                                 MISC ---->  # 41 180               # 59  130
================================================================================
NOTES:
# LAST OF SEVERAL OCCURRENCES

COLUMN 17 PEAK WIND IN M.P.H.

PRELIMINARY LOCAL CLIMATOLOGICAL DATA (WS FORM: F-6) , PAGE 2

                                          STATION:  GAGE
                                          MONTH:    APRIL
                                          YEAR:     2015
                                          LATITUDE:   36 17 N
                                          LONGITUDE:  99 46 W

[TEMPERATURE DATA]      [PRECIPITATION DATA]       SYMBOLS USED IN COLUMN 16

AVERAGE MONTHLY: 59.3   TOTAL FOR MONTH:   2.63    1 = FOG OR MIST
DPTR FM NORMAL:   3.7   DPTR FM NORMAL:    1.38    2 = FOG REDUCING VISIBILITY
HIGHEST:    93 ON  8    GRTST 24HR  1.28 ON 16-17      TO 1/4 MILE OR LESS
LOWEST:     25 ON  4                               3 = THUNDER
                        SNOW, ICE PELLETS, HAIL    4 = ICE PELLETS
                        TOTAL MONTH:   0.0 INCH    5 = HAIL
                        GRTST 24HR     0.0         6 = FREEZING RAIN OR DRIZZLE
                        GRTST DEPTH:   0           7 = DUSTSTORM OR SANDSTORM:
                                                       VSBY 1/2 MILE OR LESS
                                                   8 = SMOKE OR HAZE
[NO. OF DAYS WITH]      [WEATHER - DAYS WITH]      9 = BLOWING SNOW
                                                   X = TORNADO
MAX 32 OR BELOW:   0    0.01 INCH OR MORE:   9
MAX 90 OR ABOVE:   4    0.10 INCH OR MORE:   6
MIN 32 OR BELOW:   3    0.50 INCH OR MORE:   2
MIN  0 OR BELOW:   0    1.00 INCH OR MORE:   0

[HDD (BASE 65) ]
TOTAL THIS MO.   159    CLEAR  (SCALE 0-3)  12
DPTR FM NORMAL   -76    PTCLDY (SCALE 4-7)  10
TOTAL FM JUL 1  3904    CLOUDY (SCALE 8-10)  1
DPTR FM NORMAL  -356

[CDD (BASE 65) ]
TOTAL THIS MO.    33
DPTR FM NORMAL    13    [PRESSURE DATA]
TOTAL FM JAN 1    33    HIGHEST SLP M ON M
DPTR FM NORMAL     8    LOWEST  SLP 29.59 ON  9

[REMARKS]
